{"id":141,"date":"2018-04-25T15:52:45","date_gmt":"2018-04-25T13:52:45","guid":{"rendered":"https:\/\/www.fst.uha.fr\/?page_id=141"},"modified":"2024-03-04T09:47:55","modified_gmt":"2024-03-04T08:47:55","slug":"le-campus-de-lillberg","status":"publish","type":"page","link":"https:\/\/www.fst.uha.fr\/index.php\/vie-etudiante\/le-campus-de-lillberg\/","title":{"rendered":"Le campus de l&rsquo;Illberg"},"content":{"rendered":"<p><img loading=\"lazy\" decoding=\"async\" class=\"alignnone size-full wp-image-734\" src=\"https:\/\/www.fst.uha.fr\/wp-content\/uploads\/2018\/06\/campus.png\" alt=\"\" width=\"1920\" height=\"501\" srcset=\"https:\/\/www.fst.uha.fr\/wp-content\/uploads\/2018\/06\/campus.png 1920w, https:\/\/www.fst.uha.fr\/wp-content\/uploads\/2018\/06\/campus-300x78.png 300w, https:\/\/www.fst.uha.fr\/wp-content\/uploads\/2018\/06\/campus-768x200.png 768w, https:\/\/www.fst.uha.fr\/wp-content\/uploads\/2018\/06\/campus-1024x267.png 1024w\" sizes=\"auto, (max-width: 1920px) 100vw, 1920px\" \/><br \/>\nLe Campus Illberg est le premier campus \u00e0 avoir \u00e9t\u00e9 cr\u00e9\u00e9 \u00e0 Mulhouse, situ\u00e9 dans le quartier du Haut-Poirier. Illberg signifie en alsacien \u00ab\u00a0montagne de l&rsquo;Ill\u00a0\u00bb, le campus \u00e9tant en effet situ\u00e9 sur une colline qui est bord\u00e9e par l&rsquo;Ill.<\/p>\n<p>Le campus Illberg est, avec le Campus Collines et le Campus Fonderie, l&rsquo;un des trois campus mulhousiens de l&rsquo;<a href=\"http:\/\/www.uha.fr\/\">Universit\u00e9 de Haute-Alsace<\/a> (UHA). C&rsquo;est actuellement le plus peupl\u00e9 des trois campus mulhousiens.<\/p>\n<p>Il abrite plusieurs composantes de l&rsquo;UHA\u00a0:<\/p>\n<ul>\n<li>l&rsquo;<a href=\"http:\/\/www.enscmu.uha.fr\/\">\u00c9cole Nationale Sup\u00e9rieure de Chimie de Mulhouse<\/a> (ENSCMu),<\/li>\n<li>l&rsquo;<a href=\"http:\/\/www.ensisa.uha.fr\/\">\u00c9cole Nationale Sup\u00e9rieure d&rsquo;Ing\u00e9nieurs Sud-Alsace<\/a> (ENSISA),<\/li>\n<li>la <a href=\"http:\/\/www.flsh.uha.fr\/\">Facult\u00e9 des Lettres, Langues et Sciences Humaines<\/a> (FLSH),<\/li>\n<li>et la Facult\u00e9 des Sciences et Techniques (FST).<\/li>\n<\/ul>\n<p>Il abrite \u00e9galement diff\u00e9rents services de l&rsquo;Universit\u00e9 comme le <a href=\"http:\/\/www.learning-center.uha.fr\/\">Learning Center<\/a>.<\/p>\n<p>Situ\u00e9 sur un promontoire, le campus Illberg se compose de divers b\u00e2timents, diss\u00e9min\u00e9s dans un cadre verdoyant de 25 hectares et b\u00e9n\u00e9ficiant d\u2019une vue splendide sur la ville de Mulhouse. Situ\u00e9 \u00e0 c\u00f4t\u00e9 de la Plaine des sports, ce campus permet aux \u00e9tudiants de profiter facilement des \u00e9quipements sportifs (piscine, patinoire, Palais des sports\u2026). Il regroupe des facult\u00e9s, des \u00e9coles, des IUT&#8230;<\/p>\n<p>L\u2019UHA accorde une grande importance \u00e0 l\u2019accueil et \u00e0 l\u2019encadrement de ses \u00e9tudiants, et de nombreux services sont mis \u00e0 leur disposition sur les diff\u00e9rents campus : biblioth\u00e8ques, salles informatiques et laboratoires de langues, actions culturelles, service des sports, cours de Fran\u00e7ais Langue \u00c9trang\u00e8re, logement et restauration.<br \/>\n<div class=\"su-accordion su-u-trim\">\n<div class=\"su-spoiler su-spoiler-style-fancy su-spoiler-icon-plus-circle su-spoiler-closed\" data-scroll-offset=\"0\" data-anchor-in-url=\"no\"><div class=\"su-spoiler-title\" tabindex=\"0\" role=\"button\"><span class=\"su-spoiler-icon\"><\/span>Bureau de la Vie \u00c9tudiante<\/div><div class=\"su-spoiler-content su-u-clearfix su-u-trim\">Vous cherchez des \u00e9v\u00e9nements ou des activit\u00e9s \u00e0 r\u00e9aliser ? Lieu d\u2019\u00e9change et de partage, le <a href=\"http:\/\/www.uha.fr\/la-vie-universitaire\/vie-etudiante\/bureau-de-la-vie-etudiante-bve\/\">Bureau de la Vie \u00c9tudiante (BVE)<\/a> constitue une interface entre l\u2019\u00e9tudiant et l\u2019universit\u00e9, un premier interlocuteur de l\u2019\u00e9tudiant et un point d\u2019ancrage pour les associations \u00e9tudiantes dans l\u2019\u00e9tablissement. Bas\u00e9 \u00e0 la Maison de l\u2019\u00c9tudiant de Mulhouse et de Colmar, le BVE travaille en collaboration avec le Service d&rsquo;Information et d&rsquo;Orientation, la Scolarit\u00e9 Centrale, les composantes, le CLOUS, le Service des Relations Internationales&#8230;<\/p>\n<p><a href=\"https:\/\/www.facebook.com\/vieetudiante.uha\">Suivez le bureau sur Facebook<\/a><\/p>\n<h2>\u00c9v\u00e9nements<\/h2>\n<p>Pour impulser une vie universitaire sur les campus, le BVE organise des \u00e9v\u00e9nements pour les \u00e9tudiants.\u00a0Tous les moments festifs de l\u2019ann\u00e9e sont une raison propice pour se r\u00e9unir (visite d\u2019un march\u00e9 de No\u00ebl, partage d\u2019une galette des rois, d\u00e9guisement pour Halloween,\u2026). Participez \u00e0 la vie \u00e9tudiante et passez un bon moment, cr\u00e9ez des liens, sentez-vous appartenir \u00e0 votre universit\u00e9, votre ville ! Consultez l\u2019agenda sur <a href=\"http:\/\/www.e-services.uha.fr\">e-services<\/a> (acc\u00e8s r\u00e9serv\u00e9 aux \u00e9tudiants de l&rsquo;UHA).<\/p>\n<\/div><\/div>\n<div class=\"su-spoiler su-spoiler-style-fancy su-spoiler-icon-plus-circle su-spoiler-closed\" data-scroll-offset=\"0\" data-anchor-in-url=\"no\"><div class=\"su-spoiler-title\" tabindex=\"0\" role=\"button\"><span class=\"su-spoiler-icon\"><\/span>Aides aux projets \u00e9tudiants<\/div><div class=\"su-spoiler-content su-u-clearfix su-u-trim\">La Commission d&rsquo;Aides aux Projets \u00c9tudiants a pour objet de promouvoir les initiatives des \u00e9tudiants en leur permettant de trouver les financements n\u00e9cessaires \u00e0 la r\u00e9alisation de leurs projets culturels, sportifs, \u00e9ducatifs, d&rsquo;animation du campus, &#8230;<\/p>\n<p>Les aides financi\u00e8res sont accord\u00e9es sur des crit\u00e8res propres \u00e0 chaque financeur, apr\u00e8s examen du dossier.<\/p>\n<p>Pour plus d&rsquo;informations, rapprochez vous du <a href=\"https:\/\/www.uha.fr\/la-vie-universitaire\/vie-etudiante\/bureau-de-la-vie-etudiante-bve\/\">Bureau de la Vie \u00c9tudiante<\/a><br \/>\n<\/div><\/div>\n<div class=\"su-spoiler su-spoiler-style-fancy su-spoiler-icon-plus-circle su-spoiler-closed\" data-scroll-offset=\"0\" data-anchor-in-url=\"no\"><div class=\"su-spoiler-title\" tabindex=\"0\" role=\"button\"><span class=\"su-spoiler-icon\"><\/span>Actions du Service Culturel de l'UHA<\/div><div class=\"su-spoiler-content su-u-clearfix su-u-trim\">Les \u00e9tudiants de la FST sont bien \u00e9videmment encourag\u00e9s \u00e0 participer aux actions culturelles organis\u00e9es au sein de l&rsquo;UHA par le <a href=\"http:\/\/www.uha.fr\/la-vie-universitaire\/culture\/action-culturelle\/\">Service Universitaire de l&rsquo;Action Culturelle (SUAC)<\/a>. Toutes les activit\u00e9s culturelles sont pr\u00e9sent\u00e9es sur le site du SUAC, de m\u00eame que les possibilit\u00e9s offertes au travers de la Carte culture et bien d&rsquo;autres renseignements qui vous int\u00e9resseront certainement.<\/p>\n<\/div><\/div><div class=\"su-spoiler su-spoiler-style-fancy su-spoiler-icon-plus-circle su-spoiler-closed\" data-scroll-offset=\"0\" data-anchor-in-url=\"no\"><div class=\"su-spoiler-title\" tabindex=\"0\" role=\"button\"><span class=\"su-spoiler-icon\"><\/span>Biblioth\u00e8ques universitaires<\/div><div class=\"su-spoiler-content su-u-clearfix su-u-trim\">Les <a href=\"http:\/\/www.uha.fr\/luha\/mieux-connaitre-luha\/bibliotheques\/\">Biblioth\u00e8ques Universitaires<\/a> ont pour mission de r\u00e9pondre aux besoins documentaires des \u00e9tudiants et enseignants-chercheurs de l&rsquo;Universit\u00e9 de Haute-Alsace, du 1<sup>er<\/sup> cycle au niveau recherche, en mettant \u00e0 leur disposition des collections de documents imprim\u00e9s et des ressources num\u00e9riques. Les Biblioth\u00e8ques Universitaires sont g\u00e9r\u00e9es par le Service Commun de Documentation.<\/p>\n<\/div><\/div>\n<div class=\"su-spoiler su-spoiler-style-fancy su-spoiler-icon-plus-circle su-spoiler-closed\" data-scroll-offset=\"0\" data-anchor-in-url=\"no\"><div class=\"su-spoiler-title\" tabindex=\"0\" role=\"button\"><span class=\"su-spoiler-icon\"><\/span>Pratique du sport \u00e0 l\u2019UHA<\/div><div class=\"su-spoiler-content su-u-clearfix su-u-trim\">Sur le campus de l\u2019Universit\u00e9 de Haute-Alsace, le sport est g\u00e9r\u00e9 par <a href=\"https:\/\/www.uha.fr\/fr\/vie-universitaire-1\/sport.html\" target=\"_blank\" rel=\"noopener\">le Service Universitaire des Activit\u00e9s Physiques et Sportives (SUAPS)<\/a>. C\u2019est un service charg\u00e9 de promouvoir les activit\u00e9s physiques et sportives : proposer un maximum d&rsquo;activit\u00e9s et les rendre accessibles \u00e0 tous (d\u00e9butants, comp\u00e9tition). Il permet d&rsquo;int\u00e9grer les activit\u00e9s physiques, sportives dans les diff\u00e9rents cursus universitaires, afin de conforter les pratiques sportives universitaires comme formations qualifiantes, comptabilis\u00e9es dans l&rsquo;obtention des dipl\u00f4mes.<\/p>\n<p>Durant chaque ann\u00e9e universitaire, le SUAPS organise des journ\u00e9es sportives et engage les \u00e9tudiants motiv\u00e9s en comp\u00e9tition universitaire au sein de la f\u00e9d\u00e9ration fran\u00e7aise du sport universitaire.<\/p>\n<p>Pour finir, il d\u00e9veloppe \u00e9galement une politique en faveur des sportifs de haut niveau, en leur permettant de concilier leur double formation, universitaire et sportive.<br \/>\n<\/div><\/div>\n<div class=\"su-spoiler su-spoiler-style-fancy su-spoiler-icon-plus-circle su-spoiler-closed\" data-scroll-offset=\"0\" data-anchor-in-url=\"no\"><div class=\"su-spoiler-title\" tabindex=\"0\" role=\"button\"><span class=\"su-spoiler-icon\"><\/span>Service d\u2019Information et d\u2019Orientation<\/div><div class=\"su-spoiler-content su-u-clearfix su-u-trim\">Lyc\u00e9ens, \u00e9tudiants et adultes, l\u2019\u00e9quipe du <a href=\"https:\/\/www.uha.fr\/la-formation\/etudier-a-luniversite\/infos-pratiques\/information-orientation\/\">Service d\u2019Information et d\u2019Orientation (SIO)<\/a> vous accueille, vous informe, vous conseille et r\u00e9pond \u00e0 toutes questions relatives aux poursuites d\u2019\u00e9tudes et \u00e0 l\u2019insertion professionnelle. Le SIO peut \u00e9galement vous donner des conseils pour r\u00e9ussir (orientation active) ou encore vous donner des informations sur l&rsquo;utilisation de Parcoursup.<\/p>\n<p>Tout public, inscrit ou non \u00e0 l\u2019UHA peut b\u00e9n\u00e9ficier de ce service.<\/p>\n<\/div><\/div><div class=\"su-spoiler su-spoiler-style-fancy su-spoiler-icon-plus-circle su-spoiler-closed\" data-scroll-offset=\"0\" data-anchor-in-url=\"no\"><div class=\"su-spoiler-title\" tabindex=\"0\" role=\"button\"><span class=\"su-spoiler-icon\"><\/span>Service social de l\u2019UHA<\/div><div class=\"su-spoiler-content su-u-clearfix su-u-trim\">Les missions du <a href=\"http:\/\/www.uha.fr\/la-vie-universitaire\/social-et-sante\/\">service social<\/a> des \u00e9tudiants consistent \u00e0 mener des actions d&rsquo;information, d&rsquo;accueil individualis\u00e9, d&rsquo;aide psychologique, morale et mat\u00e9rielle.<br \/>\nLes assistantes sociales ont un r\u00f4le de m\u00e9diateur entre les \u00e9tudiants et les services administratifs ou p\u00e9dagogiques.<\/p>\n<\/div><\/div><div class=\"su-spoiler su-spoiler-style-fancy su-spoiler-icon-plus-circle su-spoiler-closed\" data-scroll-offset=\"0\" data-anchor-in-url=\"no\"><div class=\"su-spoiler-title\" tabindex=\"0\" role=\"button\"><span class=\"su-spoiler-icon\"><\/span>Mission Handicap<\/div><div class=\"su-spoiler-content su-u-clearfix su-u-trim\">La <a href=\"http:\/\/www.uha.fr\/la-formation\/etudier-a-luniversite\/demarches\/mission-handicap\/\">Mission Handicap<\/a> de l\u2019Universit\u00e9 de Haute-Alsace, charg\u00e9e de l\u2019accueil et de l\u2019accompagnement des \u00e9tudiants, est le point d\u2019entr\u00e9e et le centre de ressources de la communaut\u00e9 universitaire pour toutes les questions relatives au handicap. Dans ce cadre, l\u2019UHA adapte son patrimoine et d\u00e9veloppe la recherche sur la th\u00e9matique du handicap. Mais l\u2019accent est tout particuli\u00e8rement plac\u00e9 sur l\u2019accueil des \u00e9tudiants en situation de handicap.<\/p>\n<p>L\u2019objectif poursuivi est de faciliter leur inclusion, en leur offrant d\u2019abord une aide dans leurs d\u00e9marches administratives.<\/div><\/div>\n<\/div>\n","protected":false},"excerpt":{"rendered":"<p>Le Campus Illberg est le premier campus \u00e0 avoir \u00e9t\u00e9 cr\u00e9\u00e9 \u00e0 Mulhouse, situ\u00e9 dans le quartier du Haut-Poirier. Illberg signifie en alsacien \u00ab\u00a0montagne de l&rsquo;Ill\u00a0\u00bb, le campus \u00e9tant en effet situ\u00e9 sur une colline qui est bord\u00e9e par l&rsquo;Ill. Le campus Illberg est, avec le Campus Collines et le Campus Fonderie, l&rsquo;un des trois [&hellip;]<\/p>\n","protected":false},"author":1,"featured_media":764,"parent":28,"menu_order":0,"comment_status":"closed","ping_status":"closed","template":"","meta":{"footnotes":""},"categories":[7,10],"tags":[],"class_list":["post-141","page","type-page","status-publish","has-post-thumbnail","hentry","category-futurs-etudiants","category-parents"],"yoast_head":"<!-- This site is optimized with the Yoast SEO plugin v27.4 - https:\/\/yoast.com\/product\/yoast-seo-wordpress\/ -->\n<title>Le campus de l&#039;Illberg - FST - Facult\u00e9 des Sciences et Techniques | Universit\u00e9 de Haute-Alsace<\/title>\n<meta name=\"description\" content=\"Le campus de l&#039;Illberg regroupe plusieurs \u00e9coles et facult\u00e9s et comporte bon nombre d&#039;activit\u00e9s \u00e0 r\u00e9aliser !\" \/>\n<meta name=\"robots\" content=\"index, follow, max-snippet:-1, max-image-preview:large, max-video-preview:-1\" \/>\n<link rel=\"canonical\" href=\"https:\/\/www.fst.uha.fr\/index.php\/vie-etudiante\/le-campus-de-lillberg\/\" \/>\n<meta property=\"og:locale\" content=\"fr_FR\" \/>\n<meta property=\"og:type\" content=\"article\" \/>\n<meta property=\"og:title\" content=\"Le campus de l&#039;Illberg - FST - Facult\u00e9 des Sciences et Techniques | Universit\u00e9 de Haute-Alsace\" \/>\n<meta property=\"og:description\" content=\"Le campus de l&#039;Illberg regroupe plusieurs \u00e9coles et facult\u00e9s et comporte bon nombre d&#039;activit\u00e9s \u00e0 r\u00e9aliser !\" \/>\n<meta property=\"og:url\" content=\"https:\/\/www.fst.uha.fr\/index.php\/vie-etudiante\/le-campus-de-lillberg\/\" \/>\n<meta property=\"og:site_name\" content=\"FST - Facult\u00e9 des Sciences et Techniques | Universit\u00e9 de Haute-Alsace\" \/>\n<meta property=\"article:modified_time\" content=\"2024-03-04T08:47:55+00:00\" \/>\n<meta property=\"og:image\" content=\"https:\/\/www.fst.uha.fr\/wp-content\/uploads\/2018\/06\/DSCN1463.jpg\" \/>\n\t<meta property=\"og:image:width\" content=\"1024\" \/>\n\t<meta property=\"og:image:height\" content=\"768\" \/>\n\t<meta property=\"og:image:type\" content=\"image\/jpeg\" \/>\n<meta name=\"twitter:card\" content=\"summary_large_image\" \/>\n<meta name=\"twitter:label1\" content=\"Dur\u00e9e de lecture estim\u00e9e\" \/>\n\t<meta name=\"twitter:data1\" content=\"6 minutes\" \/>\n<script type=\"application\/ld+json\" class=\"yoast-schema-graph\">{\"@context\":\"https:\\\/\\\/schema.org\",\"@graph\":[{\"@type\":\"WebPage\",\"@id\":\"https:\\\/\\\/www.fst.uha.fr\\\/index.php\\\/vie-etudiante\\\/le-campus-de-lillberg\\\/\",\"url\":\"https:\\\/\\\/www.fst.uha.fr\\\/index.php\\\/vie-etudiante\\\/le-campus-de-lillberg\\\/\",\"name\":\"Le campus de l'Illberg - FST - Facult\u00e9 des Sciences et Techniques | Universit\u00e9 de Haute-Alsace\",\"isPartOf\":{\"@id\":\"https:\\\/\\\/www.fst.uha.fr\\\/#website\"},\"primaryImageOfPage\":{\"@id\":\"https:\\\/\\\/www.fst.uha.fr\\\/index.php\\\/vie-etudiante\\\/le-campus-de-lillberg\\\/#primaryimage\"},\"image\":{\"@id\":\"https:\\\/\\\/www.fst.uha.fr\\\/index.php\\\/vie-etudiante\\\/le-campus-de-lillberg\\\/#primaryimage\"},\"thumbnailUrl\":\"https:\\\/\\\/www.fst.uha.fr\\\/wp-content\\\/uploads\\\/2018\\\/06\\\/DSCN1463.jpg\",\"datePublished\":\"2018-04-25T13:52:45+00:00\",\"dateModified\":\"2024-03-04T08:47:55+00:00\",\"description\":\"Le campus de l'Illberg regroupe plusieurs \u00e9coles et facult\u00e9s et comporte bon nombre d'activit\u00e9s \u00e0 r\u00e9aliser !\",\"breadcrumb\":{\"@id\":\"https:\\\/\\\/www.fst.uha.fr\\\/index.php\\\/vie-etudiante\\\/le-campus-de-lillberg\\\/#breadcrumb\"},\"inLanguage\":\"fr-FR\",\"potentialAction\":[{\"@type\":\"ReadAction\",\"target\":[\"https:\\\/\\\/www.fst.uha.fr\\\/index.php\\\/vie-etudiante\\\/le-campus-de-lillberg\\\/\"]}]},{\"@type\":\"ImageObject\",\"inLanguage\":\"fr-FR\",\"@id\":\"https:\\\/\\\/www.fst.uha.fr\\\/index.php\\\/vie-etudiante\\\/le-campus-de-lillberg\\\/#primaryimage\",\"url\":\"https:\\\/\\\/www.fst.uha.fr\\\/wp-content\\\/uploads\\\/2018\\\/06\\\/DSCN1463.jpg\",\"contentUrl\":\"https:\\\/\\\/www.fst.uha.fr\\\/wp-content\\\/uploads\\\/2018\\\/06\\\/DSCN1463.jpg\",\"width\":1024,\"height\":768},{\"@type\":\"BreadcrumbList\",\"@id\":\"https:\\\/\\\/www.fst.uha.fr\\\/index.php\\\/vie-etudiante\\\/le-campus-de-lillberg\\\/#breadcrumb\",\"itemListElement\":[{\"@type\":\"ListItem\",\"position\":1,\"name\":\"Accueil\",\"item\":\"https:\\\/\\\/www.fst.uha.fr\\\/\"},{\"@type\":\"ListItem\",\"position\":2,\"name\":\"Vie \u00e9tudiante\",\"item\":\"https:\\\/\\\/www.fst.uha.fr\\\/index.php\\\/vie-etudiante\\\/\"},{\"@type\":\"ListItem\",\"position\":3,\"name\":\"Le campus de l&#8217;Illberg\"}]},{\"@type\":\"WebSite\",\"@id\":\"https:\\\/\\\/www.fst.uha.fr\\\/#website\",\"url\":\"https:\\\/\\\/www.fst.uha.fr\\\/\",\"name\":\"FST - Facult\u00e9 des Sciences et Techniques | Universit\u00e9 de Haute-Alsace\",\"description\":\"Campus Illberg | Universit\u00e9 de Haute-Alsace\",\"potentialAction\":[{\"@type\":\"SearchAction\",\"target\":{\"@type\":\"EntryPoint\",\"urlTemplate\":\"https:\\\/\\\/www.fst.uha.fr\\\/?s={search_term_string}\"},\"query-input\":{\"@type\":\"PropertyValueSpecification\",\"valueRequired\":true,\"valueName\":\"search_term_string\"}}],\"inLanguage\":\"fr-FR\"}]}<\/script>\n<!-- \/ Yoast SEO plugin. -->","yoast_head_json":{"title":"Le campus de l'Illberg - FST - Facult\u00e9 des Sciences et Techniques | Universit\u00e9 de Haute-Alsace","description":"Le campus de l'Illberg regroupe plusieurs \u00e9coles et facult\u00e9s et comporte bon nombre d'activit\u00e9s \u00e0 r\u00e9aliser !","robots":{"index":"index","follow":"follow","max-snippet":"max-snippet:-1","max-image-preview":"max-image-preview:large","max-video-preview":"max-video-preview:-1"},"canonical":"https:\/\/www.fst.uha.fr\/index.php\/vie-etudiante\/le-campus-de-lillberg\/","og_locale":"fr_FR","og_type":"article","og_title":"Le campus de l'Illberg - FST - Facult\u00e9 des Sciences et Techniques | Universit\u00e9 de Haute-Alsace","og_description":"Le campus de l'Illberg regroupe plusieurs \u00e9coles et facult\u00e9s et comporte bon nombre d'activit\u00e9s \u00e0 r\u00e9aliser !","og_url":"https:\/\/www.fst.uha.fr\/index.php\/vie-etudiante\/le-campus-de-lillberg\/","og_site_name":"FST - Facult\u00e9 des Sciences et Techniques | Universit\u00e9 de Haute-Alsace","article_modified_time":"2024-03-04T08:47:55+00:00","og_image":[{"width":1024,"height":768,"url":"https:\/\/www.fst.uha.fr\/wp-content\/uploads\/2018\/06\/DSCN1463.jpg","type":"image\/jpeg"}],"twitter_card":"summary_large_image","twitter_misc":{"Dur\u00e9e de lecture estim\u00e9e":"6 minutes"},"schema":{"@context":"https:\/\/schema.org","@graph":[{"@type":"WebPage","@id":"https:\/\/www.fst.uha.fr\/index.php\/vie-etudiante\/le-campus-de-lillberg\/","url":"https:\/\/www.fst.uha.fr\/index.php\/vie-etudiante\/le-campus-de-lillberg\/","name":"Le campus de l'Illberg - FST - Facult\u00e9 des Sciences et Techniques | Universit\u00e9 de Haute-Alsace","isPartOf":{"@id":"https:\/\/www.fst.uha.fr\/#website"},"primaryImageOfPage":{"@id":"https:\/\/www.fst.uha.fr\/index.php\/vie-etudiante\/le-campus-de-lillberg\/#primaryimage"},"image":{"@id":"https:\/\/www.fst.uha.fr\/index.php\/vie-etudiante\/le-campus-de-lillberg\/#primaryimage"},"thumbnailUrl":"https:\/\/www.fst.uha.fr\/wp-content\/uploads\/2018\/06\/DSCN1463.jpg","datePublished":"2018-04-25T13:52:45+00:00","dateModified":"2024-03-04T08:47:55+00:00","description":"Le campus de l'Illberg regroupe plusieurs \u00e9coles et facult\u00e9s et comporte bon nombre d'activit\u00e9s \u00e0 r\u00e9aliser !","breadcrumb":{"@id":"https:\/\/www.fst.uha.fr\/index.php\/vie-etudiante\/le-campus-de-lillberg\/#breadcrumb"},"inLanguage":"fr-FR","potentialAction":[{"@type":"ReadAction","target":["https:\/\/www.fst.uha.fr\/index.php\/vie-etudiante\/le-campus-de-lillberg\/"]}]},{"@type":"ImageObject","inLanguage":"fr-FR","@id":"https:\/\/www.fst.uha.fr\/index.php\/vie-etudiante\/le-campus-de-lillberg\/#primaryimage","url":"https:\/\/www.fst.uha.fr\/wp-content\/uploads\/2018\/06\/DSCN1463.jpg","contentUrl":"https:\/\/www.fst.uha.fr\/wp-content\/uploads\/2018\/06\/DSCN1463.jpg","width":1024,"height":768},{"@type":"BreadcrumbList","@id":"https:\/\/www.fst.uha.fr\/index.php\/vie-etudiante\/le-campus-de-lillberg\/#breadcrumb","itemListElement":[{"@type":"ListItem","position":1,"name":"Accueil","item":"https:\/\/www.fst.uha.fr\/"},{"@type":"ListItem","position":2,"name":"Vie \u00e9tudiante","item":"https:\/\/www.fst.uha.fr\/index.php\/vie-etudiante\/"},{"@type":"ListItem","position":3,"name":"Le campus de l&#8217;Illberg"}]},{"@type":"WebSite","@id":"https:\/\/www.fst.uha.fr\/#website","url":"https:\/\/www.fst.uha.fr\/","name":"FST - Facult\u00e9 des Sciences et Techniques | Universit\u00e9 de Haute-Alsace","description":"Campus Illberg | Universit\u00e9 de Haute-Alsace","potentialAction":[{"@type":"SearchAction","target":{"@type":"EntryPoint","urlTemplate":"https:\/\/www.fst.uha.fr\/?s={search_term_string}"},"query-input":{"@type":"PropertyValueSpecification","valueRequired":true,"valueName":"search_term_string"}}],"inLanguage":"fr-FR"}]}},"_links":{"self":[{"href":"https:\/\/www.fst.uha.fr\/index.php\/wp-json\/wp\/v2\/pages\/141","targetHints":{"allow":["GET"]}}],"collection":[{"href":"https:\/\/www.fst.uha.fr\/index.php\/wp-json\/wp\/v2\/pages"}],"about":[{"href":"https:\/\/www.fst.uha.fr\/index.php\/wp-json\/wp\/v2\/types\/page"}],"author":[{"embeddable":true,"href":"https:\/\/www.fst.uha.fr\/index.php\/wp-json\/wp\/v2\/users\/1"}],"replies":[{"embeddable":true,"href":"https:\/\/www.fst.uha.fr\/index.php\/wp-json\/wp\/v2\/comments?post=141"}],"version-history":[{"count":19,"href":"https:\/\/www.fst.uha.fr\/index.php\/wp-json\/wp\/v2\/pages\/141\/revisions"}],"predecessor-version":[{"id":4429,"href":"https:\/\/www.fst.uha.fr\/index.php\/wp-json\/wp\/v2\/pages\/141\/revisions\/4429"}],"up":[{"embeddable":true,"href":"https:\/\/www.fst.uha.fr\/index.php\/wp-json\/wp\/v2\/pages\/28"}],"wp:featuredmedia":[{"embeddable":true,"href":"https:\/\/www.fst.uha.fr\/index.php\/wp-json\/wp\/v2\/media\/764"}],"wp:attachment":[{"href":"https:\/\/www.fst.uha.fr\/index.php\/wp-json\/wp\/v2\/media?parent=141"}],"wp:term":[{"taxonomy":"category","embeddable":true,"href":"https:\/\/www.fst.uha.fr\/index.php\/wp-json\/wp\/v2\/categories?post=141"},{"taxonomy":"post_tag","embeddable":true,"href":"https:\/\/www.fst.uha.fr\/index.php\/wp-json\/wp\/v2\/tags?post=141"}],"curies":[{"name":"wp","href":"https:\/\/api.w.org\/{rel}","templated":true}]}}