{"id":189,"date":"2018-04-25T16:10:39","date_gmt":"2018-04-25T14:10:39","guid":{"rendered":"https:\/\/www.fst.uha.fr\/?page_id=189"},"modified":"2025-01-08T08:51:15","modified_gmt":"2025-01-08T07:51:15","slug":"master-miage","status":"publish","type":"page","link":"https:\/\/www.fst.uha.fr\/index.php\/formations\/masters\/master-miage\/","title":{"rendered":"Master MIAGE"},"content":{"rendered":"<p><a href=\"https:\/\/www.fst.uha.fr\/index.php\/formations\/#masters\">Masters<\/a> &gt; <strong>Master MIAGE<br \/>\n<\/strong><\/p>\n<p><img loading=\"lazy\" decoding=\"async\" class=\"alignnone size-full wp-image-503\" src=\"https:\/\/www.fst.uha.fr\/wp-content\/uploads\/2018\/04\/MMIAGE-.png\" alt=\"\" width=\"1920\" height=\"501\" srcset=\"https:\/\/www.fst.uha.fr\/wp-content\/uploads\/2018\/04\/MMIAGE-.png 1920w, https:\/\/www.fst.uha.fr\/wp-content\/uploads\/2018\/04\/MMIAGE--300x78.png 300w, https:\/\/www.fst.uha.fr\/wp-content\/uploads\/2018\/04\/MMIAGE--768x200.png 768w, https:\/\/www.fst.uha.fr\/wp-content\/uploads\/2018\/04\/MMIAGE--1024x267.png 1024w\" sizes=\"auto, (max-width: 1920px) 100vw, 1920px\" \/><\/p>\n<div class=\"su-row\"><div class=\"su-column su-column-size-3-4\"><div class=\"su-column-inner su-u-clearfix su-u-trim\">\n<h4><strong>Pr\u00e9sentation<\/strong><\/h4>\n<p>La MIAGE est une formation d\u2019excellence d\u00e9livrant un dipl\u00f4me de licence et un dipl\u00f4me de master au sein d\u2019un r\u00e9seau de 20 universit\u00e9s fran\u00e7aises.<br \/>\nL\u2019existence de ce r\u00e9seau depuis plus de quarante ans conf\u00e8re \u00e0 la formation une reconnaissance du monde professionnel sans cesse renouvel\u00e9e. La qualit\u00e9 des connaissances et comp\u00e9tences des \u00e9tudiants au sortir de la formation leur assure un taux d\u2019embauche remarquable mais aussi des carri\u00e8res \u00e9volutives. L\u2019acquisition d\u2019une double comp\u00e9tence, \u00e0 la fois en informatique et en \u00e9conomie-gestion, apporte aux jeunes dipl\u00f4m\u00e9s une palette de comp\u00e9tences tr\u00e8s recherch\u00e9e et appr\u00e9ci\u00e9e des entreprises.<br \/>\nLa participation active de nombreux sp\u00e9cialistes des milieux professionnels \u00e0 tous les niveaux du cursus, des stages longs en entreprise et la possibilit\u00e9 de suivre la formation par la voix de l\u2019alternance garantissent une professionnalisation v\u00e9ritable.<\/p>\n<h4><strong>Objectifs<\/strong><\/h4>\n<p>Les MIAGE forment des cadres d&rsquo;entreprises de haut niveau par un cursus universitaire et professionnel en informatique, principalement dans le domaine de la conception et de la mise en \u0153uvre de syst\u00e8mes d&rsquo;informations.<br \/>\nLa formation permet aux \u00e9tudiants d\u2019acqu\u00e9rir des comp\u00e9tences techniques, m\u00e9thodologiques, organisationnelles et comportementales, garantissant une insertion professionnelle dans des m\u00e9tiers centr\u00e9s soit sur une approche g\u00e9n\u00e9rique des syst\u00e8mes d\u2019information, soit sur une approche technique et technologique.<\/p>\n<div class=\"su-spoiler su-spoiler-style-fancy su-spoiler-icon-plus-circle su-spoiler-closed\" data-scroll-offset=\"0\" data-anchor-in-url=\"no\"><div class=\"su-spoiler-title\" tabindex=\"0\" role=\"button\"><span class=\"su-spoiler-icon\"><\/span>Admission<\/div><div class=\"su-spoiler-content su-u-clearfix su-u-trim\">\n<p>L\u2019entr\u00e9e en premi\u00e8re ann\u00e9e du master mention MIAGE se fait naturellement apr\u00e8s l\u2019obtention d\u2019une licence MIAGE sous r\u00e9serve d\u2019avoir acquis les comp\u00e9tences n\u00e9cessaires \u00e0 cette poursuite d\u2019\u00e9tude. Il est \u00e9galement accessible aux d\u00e9tenteurs d\u2019un BAC+3 informatique dont le cursus a permis l\u2019acquisition de comp\u00e9tence en \u00e9conomie-gestion.<br \/>\nLes candidatures en 1\u00e8re Ann\u00e9e de Master se font uniquement par dossier \u00e9lectronique sur la plateforme <a href=\"https:\/\/www.monmaster.gouv.fr\/?gclid=Cj0KCQjwla-hBhD7ARIsAM9tQKvUP-5j0sMl9gVXubV259nmlnkI-FnrJQtqbJALfINLIC-TKUi-gkEaArihEALw_wcB\" target=\"_blank\" rel=\"noopener\">mon Master<\/a> (p\u00e9riode de candidature du 22 mars au 18 avril 2023).<br \/>\n\u2022 Capacit\u00e9 d&rsquo;accueil : 30<br \/>\n\u2022 Jury d\u2019admission : \u00e9quipe p\u00e9dagogique du Master<br \/>\n\u2022 Crit\u00e8res :<br \/>\n1. R\u00e9sultats et motivation<br \/>\n2. Niveau de langue \u00e0 l\u2019oral et \u00e0 l\u2019\u00e9crit<br \/>\n3. Ad\u00e9quation du projet professionnel avec le Master<\/p>\n<p>Responsable de la formation : <a href=\"mailto:bruno.adam@uha.fr\">Bruno ADAM<\/a><\/p>\n<p>Pour rentrer directement en M2 MIAGE \u00e0 Mulhouse<br \/>\nL\u2019acc\u00e8s se fait de droit pour les d\u00e9tenteurs du M1 MIAGE de Mulhouse. Il est ouvert via la plateforme <a href=\"https:\/\/ecandidat.uha.fr\" target=\"_blank\" rel=\"noopener noreferrer\">ecandidat.uha.fr\u00a0<\/a> exclusivement aux d\u00e9tenteurs d\u2019un M1 d\u2019une autre MIAGE (p\u00e9riode de candidature de mi avril \u00e0 mi juin 2023).<\/p>\n<\/div><\/div>\n<div class=\"su-spoiler su-spoiler-style-fancy su-spoiler-icon-plus-circle su-spoiler-closed\" data-scroll-offset=\"0\" data-anchor-in-url=\"no\"><div class=\"su-spoiler-title\" tabindex=\"0\" role=\"button\"><span class=\"su-spoiler-icon\"><\/span>Insertion professionnelle<\/div><div class=\"su-spoiler-content su-u-clearfix su-u-trim\">La situation g\u00e9ographique de la formation a pour avantage d\u2019offrir aux jeunes dipl\u00f4m\u00e9s un bassin d\u2019embauche ouvert sur 3 pays (Allemagne, Suisse et France). Le partenariat privil\u00e9gi\u00e9 qu\u2019entretien la formation avec les entreprises de ces pays favorise sans aucun doute l\u2019insertion professionnelle avec un taux proche des 100% dans un d\u00e9lai de 3 mois apr\u00e8s l\u2019obtention du dipl\u00f4me.<br \/>\nNos dipl\u00f4m\u00e9s exercent principalement dans les entreprises du num\u00e9rique et sont promis \u00e0 une belle carri\u00e8re dans l\u2019encadrement ou l\u2019expertise en tant que :<br \/>\n\u2022 Cadres sp\u00e9cialis\u00e9s dans l&rsquo;ing\u00e9nierie des syst\u00e8mes d&rsquo;information et de d\u00e9cision des entreprises et des administrations.<br \/>\n\u2022 D\u00e9veloppeur, gestionnaire d&rsquo;applications, administrateur de bases de donn\u00e9es, int\u00e9grateur d&rsquo;exploitation, expert en technologies Internet et multim\u00e9dia, expert en technologie des syst\u00e8mes d\u00e9cisionnels, &#8230;<br \/>\n\u2022 Consultant en informatique, technologies e-business, auditeur informatique, chef de projets, int\u00e9grateur d&rsquo;applications, expert en m\u00e9thodes, outils, qualit\u00e9, s\u00e9curit\u00e9, &#8230;<br \/>\n\u2022 Directeur de syst\u00e8mes d&rsquo;information, de service informatique,<br \/>\n<\/div><\/div>\n<div class=\"su-spoiler su-spoiler-style-fancy su-spoiler-icon-plus-circle su-spoiler-closed\" data-scroll-offset=\"0\" data-anchor-in-url=\"no\"><div class=\"su-spoiler-title\" tabindex=\"0\" role=\"button\"><span class=\"su-spoiler-icon\"><\/span>Modalit\u00e9s d\u2019enseignements<\/div><div class=\"su-spoiler-content su-u-clearfix su-u-trim\">La formation axe principalement l\u2019acquisition des comp\u00e9tences sur la pratique : s\u00e9ances de cours et d\u2019exercices en salle informatique (salle machine), projets en groupe ou en autonomie, stages ou apprentissage. Cette p\u00e9dagogie pratique est encore enrichie de l\u2019exp\u00e9rience offerte aux \u00e9tudiants par les nombreux experts du monde socio-\u00e9conomique lors des interventions dans la formation ou des phases de stage et\/ou d\u2019alternance.<br \/>\nLa formation, couvrant \u00e0 la fois les aspects scientifiques et professionnalisants, requiert un volume horaire d&rsquo;environ 330 heures d&rsquo;enseignement par semestre (hors projets). En master premi\u00e8re ann\u00e9e, les enseignements d&rsquo;informatique fondamentale correspondent \u00e0 50% des cr\u00e9dits d&rsquo;UE disciplinaires (hors langues, techniques d&rsquo;expression et UE libre). Le master deuxi\u00e8me ann\u00e9e permet aux \u00e9tudiants de se sp\u00e9cialiser dans les technologies Web et de choisir une option Big Data ou S\u00e9curit\u00e9 des Syst\u00e8mes d&rsquo;Information et des r\u00e9seaux.<br \/>\n<\/div><\/div>\n<div class=\"su-spoiler su-spoiler-style-fancy su-spoiler-icon-plus-circle su-spoiler-closed\" data-scroll-offset=\"0\" data-anchor-in-url=\"no\"><div class=\"su-spoiler-title\" tabindex=\"0\" role=\"button\"><span class=\"su-spoiler-icon\"><\/span>Programme<\/div><div class=\"su-spoiler-content su-u-clearfix su-u-trim\">Les contenus p\u00e9dagogiques des UE sont r\u00e9partis dans les p\u00f4les suivants :<br \/>\n\u2022 Ing\u00e9nierie des syst\u00e8mes d\u2019information : m\u00e9thodes de conception des syst\u00e8mes d&rsquo;information, urbanisation et alignement des syst\u00e8mes d\u2019information, int\u00e9gration des syst\u00e8mes d\u2019information, s\u00e9curit\u00e9 et qualit\u00e9 des syst\u00e8mes d\u2019information, syst\u00e8mes d\u2019information d\u00e9cisionnels, management de projets et conduite du changement, syst\u00e8mes de gestion de connaissances.<br \/>\n\u2022 Sciences et technologies de l\u2019informatique : gestion des donn\u00e9es, algorithmique et programmation, infrastructures mat\u00e9rielles et logicielles supports aux syst\u00e8mes d\u2019information, architectures applicatives.<br \/>\n\u2022 Gestion des entreprises et des organisations : environnement \u00e9conomique et juridique de l\u2019entreprise, l\u2019entreprise et son organisation, les outils de gestion de l\u2019entreprise, entrepreneuriat.<br \/>\n\u2022 M\u00e9thodes et outils math\u00e9matiques : recherche op\u00e9rationnelle, probabilit\u00e9s et statistiques, analyse et fouille des donn\u00e9es, logique.<br \/>\n\u2022 Techniques de communication \u00e9crite et orale, langues vivantes.<br \/>\n\u2022 Professionnalisation : projets, stages, \u00e9laboration du dossier personnel, pr\u00e9paration \u00e0 l&rsquo;insertion professionnelle.<br \/>\n<\/div><\/div>\n<div class=\"su-spoiler su-spoiler-style-fancy su-spoiler-icon-plus-circle su-spoiler-closed\" data-scroll-offset=\"0\" data-anchor-in-url=\"no\"><div class=\"su-spoiler-title\" tabindex=\"0\" role=\"button\"><span class=\"su-spoiler-icon\"><\/span>Stage et Apprentissage<\/div><div class=\"su-spoiler-content su-u-clearfix su-u-trim\">Le master s\u2019ach\u00e8ve par un stage en entreprise qui commence d\u00e9but f\u00e9vrier et dure 6 mois. Les contacts privil\u00e9gi\u00e9s qu\u2019entretient la formation avec le monde professionnel permettent aux \u00e9tudiants d\u2019avoir acc\u00e8s \u00e0 un grand nombre d\u2019offres de stages et d\u2019alternance cibl\u00e9s.<\/p>\n<p>Pour les \u00e9tudiants qui choisissent la voix de l\u2019alternance, le rythme d\u2019alternance est compos\u00e9 d\u2019une succession de p\u00e9riodes de 15 jours dans l\u2019entreprise et de 15 jours \u00e0 l\u2019universit\u00e9 suivies d\u2019une p\u00e9riode finale d\u2019environs 4 mois en entreprise. Ce rythme est identique sur les 2 ann\u00e9es du master. Ils peuvent effectuer cette alternance dans une entreprise fran\u00e7aise, allemande, suisse ou tout autre pays.<br \/>\n<\/div><\/div>\n<div class=\"su-spoiler su-spoiler-style-fancy su-spoiler-icon-plus-circle su-spoiler-closed\" data-scroll-offset=\"0\" data-anchor-in-url=\"no\"><div class=\"su-spoiler-title\" tabindex=\"0\" role=\"button\"><span class=\"su-spoiler-icon\"><\/span>Ouverture \u00e0 l'international<\/div><div class=\"su-spoiler-content su-u-clearfix su-u-trim\">La formation est r\u00e9solument ouverte \u00e0 l\u2019internationale car les MIAGE sont reconnu au del\u00e0 des fronti\u00e8res europ\u00e9ennes et de nombreuses universit\u00e9s du r\u00e9seaux des MIAGE de France d\u00e9localisent la formation dans d\u2019autres pays. Les 2 dipl\u00f4mes (licence et master) de la MIAGE de Mulhouse sont d\u00e9livr\u00e9s en partenariat avec l\u2019Institut de G\u00e9nie Appliqu\u00e9 de Casablanca.<br \/>\nCette reconnaissance \u00e0 l\u2019\u00e9tranger a pour effet d\u2019attirer chaque ann\u00e9e de nombreuses candidatures d\u2019\u00e9tudiants \u00e9trangers pour la licence troisi\u00e8me ann\u00e9e et le master premi\u00e8re ann\u00e9e.<\/p>\n<p>Durant le cursus d\u2019\u00e9tudes, les \u00e9tudiants sont encourag\u00e9s \u00e0 vivre une exp\u00e9rience \u00e0 l\u2019\u00e9tranger soit \u00e0 travers les stages ou l\u2019alternance, soit gr\u00e2ce au programme ERASMUS.<\/p>\n<\/div><\/div>\n<\/div><\/div>\n<div class=\"su-column su-column-size-1-4\"><div class=\"su-column-inner su-u-clearfix su-u-trim\">\n<h4><strong>Responsable<\/strong><\/h4>\n<p>Monsieur Bruno ADAM<br \/>\n<a href=\"mailto:bruno.adam@uha.fr\">bruno.adam@uha.fr<\/a><br \/>\n<div class=\"su-divider su-divider-style-default\" style=\"margin:15px 0;border-width:3px;border-color:#999999\"><\/div>\n<h4><strong>Scolarit\u00e9<\/strong><\/h4>\n<p>Madame Patricia BONTE<br \/>\n<a href=\"mailto:patricia.bonte@uha.fr\">patricia.bonte@uha.fr\u00a0<\/a><br \/>\nT\u00e9l. : 03 89 33 60 86.<div class=\"su-divider su-divider-style-default\" style=\"margin:15px 0;border-width:3px;border-color:#999999\"><\/div>\n<h4><strong>En savoir plus<br \/>\n<\/strong><\/h4>\n<ul>\n<li><a href=\"https:\/\/www.fst.uha.fr\/wp-content\/uploads\/2018\/04\/master-miage.pdf\" target=\"_blank\" rel=\"noopener noreferrer\">Plaquette du master MIAGE<\/a><\/li>\n<li><a href=\"https:\/\/www.fst.uha.fr\/wp-content\/uploads\/2018\/06\/Programme-d\u00e9taill\u00e9-master-miage-FA-.pdf\">Programme en apprentissage<\/a><\/li>\n<li><a href=\"https:\/\/www.fst.uha.fr\/wp-content\/uploads\/2018\/06\/Programme-d\u00e9taill\u00e9-master-miage-FI.pdf\">Programme en formation initiale<\/a><\/li>\n<li><a href=\"http:\/\/www.miage.fst.uha.fr\/formation\/master-1\/\">Site internet <\/a><\/li>\n<li><a href=\"https:\/\/www.francecompetences.fr\/recherche\/rncp\/39490\/\" target=\"_blank\" rel=\"noopener\">Certification RNCP \u2013 France comp\u00e9tences<\/a><\/li>\n<\/ul>\n<span class=\"su-lightbox\" data-mfp-src=\"https:\/\/www.youtube-nocookie.com\/embed\/elaNL4XWDCI\" data-mfp-type=\"iframe\" data-mobile=\"yes\"><img loading=\"lazy\" decoding=\"async\" class=\"aligncenter wp-image-2819 size-large\" src=\"https:\/\/www.fst.uha.fr\/wp-content\/uploads\/2021\/03\/miage-1024x539.jpg\" alt=\"MIAGE\" width=\"750\" height=\"395\" srcset=\"https:\/\/www.fst.uha.fr\/wp-content\/uploads\/2021\/03\/miage-1024x539.jpg 1024w, https:\/\/www.fst.uha.fr\/wp-content\/uploads\/2021\/03\/miage-300x158.jpg 300w, https:\/\/www.fst.uha.fr\/wp-content\/uploads\/2021\/03\/miage-768x404.jpg 768w, https:\/\/www.fst.uha.fr\/wp-content\/uploads\/2021\/03\/miage.jpg 1278w\" sizes=\"auto, (max-width: 750px) 100vw, 750px\" \/><\/p>\n<p>&nbsp;<\/p>\n<p>&nbsp;<\/p>\n<\/span>\n<p>Enqu\u00eate sur le devenir des dipl\u00f4m\u00e9s 2018 :<\/p>\n<ul>\n<li><a href=\"https:\/\/www.fst.uha.fr\/wp-content\/uploads\/2023\/01\/Master-Methodes-informatiques-appliquees-a-la-gestion-des-entreprises-MIAGE-2018.pdf\" target=\"_blank\" rel=\"noopener\">MIAGE<\/a><\/li>\n<\/ul>\n<\/div><\/div><\/div>\n","protected":false},"excerpt":{"rendered":"<p>Masters &gt; Master MIAGE<\/p>\n","protected":false},"author":1,"featured_media":0,"parent":92,"menu_order":0,"comment_status":"closed","ping_status":"closed","template":"","meta":{"footnotes":""},"categories":[],"tags":[],"class_list":["post-189","page","type-page","status-publish","hentry"],"yoast_head":"<!-- This site is optimized with the Yoast SEO plugin v27.0 - https:\/\/yoast.com\/product\/yoast-seo-wordpress\/ -->\n<title>Master MIAGE - FST - Facult\u00e9 des Sciences de Mulhouse<\/title>\n<meta name=\"description\" content=\"La MIAGE est une formation d\u2019excellence d\u00e9livrant un dipl\u00f4me de licence et un dipl\u00f4me de master au sein d\u2019un r\u00e9seau de 20 universit\u00e9s fran\u00e7aises.\" \/>\n<meta name=\"robots\" content=\"index, follow, max-snippet:-1, max-image-preview:large, max-video-preview:-1\" \/>\n<link rel=\"canonical\" href=\"https:\/\/www.fst.uha.fr\/index.php\/formations\/masters\/master-miage\/\" \/>\n<meta property=\"og:locale\" content=\"fr_FR\" \/>\n<meta property=\"og:type\" content=\"article\" \/>\n<meta property=\"og:title\" content=\"Master MIAGE - FST - Facult\u00e9 des Sciences de Mulhouse\" \/>\n<meta property=\"og:description\" content=\"La MIAGE est une formation d\u2019excellence d\u00e9livrant un dipl\u00f4me de licence et un dipl\u00f4me de master au sein d\u2019un r\u00e9seau de 20 universit\u00e9s fran\u00e7aises.\" \/>\n<meta property=\"og:url\" content=\"https:\/\/www.fst.uha.fr\/index.php\/formations\/masters\/master-miage\/\" \/>\n<meta property=\"og:site_name\" content=\"FST - Facult\u00e9 des Sciences et Techniques | Universit\u00e9 de Haute-Alsace\" \/>\n<meta property=\"article:modified_time\" content=\"2025-01-08T07:51:15+00:00\" \/>\n<meta property=\"og:image\" content=\"https:\/\/www.fst.uha.fr\/wp-content\/uploads\/2018\/04\/MMIAGE-.png\" \/>\n\t<meta property=\"og:image:width\" content=\"1920\" \/>\n\t<meta property=\"og:image:height\" content=\"501\" \/>\n\t<meta property=\"og:image:type\" content=\"image\/png\" \/>\n<meta name=\"twitter:card\" content=\"summary_large_image\" \/>\n<meta name=\"twitter:label1\" content=\"Dur\u00e9e de lecture estim\u00e9e\" \/>\n\t<meta name=\"twitter:data1\" content=\"6 minutes\" \/>\n<script type=\"application\/ld+json\" class=\"yoast-schema-graph\">{\"@context\":\"https:\/\/schema.org\",\"@graph\":[{\"@type\":\"WebPage\",\"@id\":\"https:\/\/www.fst.uha.fr\/index.php\/formations\/masters\/master-miage\/\",\"url\":\"https:\/\/www.fst.uha.fr\/index.php\/formations\/masters\/master-miage\/\",\"name\":\"Master MIAGE - FST - Facult\u00e9 des Sciences de Mulhouse\",\"isPartOf\":{\"@id\":\"https:\/\/www.fst.uha.fr\/#website\"},\"primaryImageOfPage\":{\"@id\":\"https:\/\/www.fst.uha.fr\/index.php\/formations\/masters\/master-miage\/#primaryimage\"},\"image\":{\"@id\":\"https:\/\/www.fst.uha.fr\/index.php\/formations\/masters\/master-miage\/#primaryimage\"},\"thumbnailUrl\":\"https:\/\/www.fst.uha.fr\/wp-content\/uploads\/2018\/04\/MMIAGE-.png\",\"datePublished\":\"2018-04-25T14:10:39+00:00\",\"dateModified\":\"2025-01-08T07:51:15+00:00\",\"description\":\"La MIAGE est une formation d\u2019excellence d\u00e9livrant un dipl\u00f4me de licence et un dipl\u00f4me de master au sein d\u2019un r\u00e9seau de 20 universit\u00e9s fran\u00e7aises.\",\"breadcrumb\":{\"@id\":\"https:\/\/www.fst.uha.fr\/index.php\/formations\/masters\/master-miage\/#breadcrumb\"},\"inLanguage\":\"fr-FR\",\"potentialAction\":[{\"@type\":\"ReadAction\",\"target\":[\"https:\/\/www.fst.uha.fr\/index.php\/formations\/masters\/master-miage\/\"]}]},{\"@type\":\"ImageObject\",\"inLanguage\":\"fr-FR\",\"@id\":\"https:\/\/www.fst.uha.fr\/index.php\/formations\/masters\/master-miage\/#primaryimage\",\"url\":\"https:\/\/www.fst.uha.fr\/wp-content\/uploads\/2018\/04\/MMIAGE-.png\",\"contentUrl\":\"https:\/\/www.fst.uha.fr\/wp-content\/uploads\/2018\/04\/MMIAGE-.png\",\"width\":1920,\"height\":501},{\"@type\":\"BreadcrumbList\",\"@id\":\"https:\/\/www.fst.uha.fr\/index.php\/formations\/masters\/master-miage\/#breadcrumb\",\"itemListElement\":[{\"@type\":\"ListItem\",\"position\":1,\"name\":\"Accueil\",\"item\":\"https:\/\/www.fst.uha.fr\/\"},{\"@type\":\"ListItem\",\"position\":2,\"name\":\"Nos formations\",\"item\":\"https:\/\/www.fst.uha.fr\/index.php\/formations\/\"},{\"@type\":\"ListItem\",\"position\":3,\"name\":\"Masters\",\"item\":\"https:\/\/www.fst.uha.fr\/index.php\/formations\/masters\/\"},{\"@type\":\"ListItem\",\"position\":4,\"name\":\"Master MIAGE\"}]},{\"@type\":\"WebSite\",\"@id\":\"https:\/\/www.fst.uha.fr\/#website\",\"url\":\"https:\/\/www.fst.uha.fr\/\",\"name\":\"FST - Facult\u00e9 des Sciences et Techniques | Universit\u00e9 de Haute-Alsace\",\"description\":\"Campus Illberg | Universit\u00e9 de Haute-Alsace\",\"potentialAction\":[{\"@type\":\"SearchAction\",\"target\":{\"@type\":\"EntryPoint\",\"urlTemplate\":\"https:\/\/www.fst.uha.fr\/?s={search_term_string}\"},\"query-input\":{\"@type\":\"PropertyValueSpecification\",\"valueRequired\":true,\"valueName\":\"search_term_string\"}}],\"inLanguage\":\"fr-FR\"}]}<\/script>\n<!-- \/ Yoast SEO plugin. -->","yoast_head_json":{"title":"Master MIAGE - FST - Facult\u00e9 des Sciences de Mulhouse","description":"La MIAGE est une formation d\u2019excellence d\u00e9livrant un dipl\u00f4me de licence et un dipl\u00f4me de master au sein d\u2019un r\u00e9seau de 20 universit\u00e9s fran\u00e7aises.","robots":{"index":"index","follow":"follow","max-snippet":"max-snippet:-1","max-image-preview":"max-image-preview:large","max-video-preview":"max-video-preview:-1"},"canonical":"https:\/\/www.fst.uha.fr\/index.php\/formations\/masters\/master-miage\/","og_locale":"fr_FR","og_type":"article","og_title":"Master MIAGE - FST - Facult\u00e9 des Sciences de Mulhouse","og_description":"La MIAGE est une formation d\u2019excellence d\u00e9livrant un dipl\u00f4me de licence et un dipl\u00f4me de master au sein d\u2019un r\u00e9seau de 20 universit\u00e9s fran\u00e7aises.","og_url":"https:\/\/www.fst.uha.fr\/index.php\/formations\/masters\/master-miage\/","og_site_name":"FST - Facult\u00e9 des Sciences et Techniques | Universit\u00e9 de Haute-Alsace","article_modified_time":"2025-01-08T07:51:15+00:00","og_image":[{"width":1920,"height":501,"url":"https:\/\/www.fst.uha.fr\/wp-content\/uploads\/2018\/04\/MMIAGE-.png","type":"image\/png"}],"twitter_card":"summary_large_image","twitter_misc":{"Dur\u00e9e de lecture estim\u00e9e":"6 minutes"},"schema":{"@context":"https:\/\/schema.org","@graph":[{"@type":"WebPage","@id":"https:\/\/www.fst.uha.fr\/index.php\/formations\/masters\/master-miage\/","url":"https:\/\/www.fst.uha.fr\/index.php\/formations\/masters\/master-miage\/","name":"Master MIAGE - FST - Facult\u00e9 des Sciences de Mulhouse","isPartOf":{"@id":"https:\/\/www.fst.uha.fr\/#website"},"primaryImageOfPage":{"@id":"https:\/\/www.fst.uha.fr\/index.php\/formations\/masters\/master-miage\/#primaryimage"},"image":{"@id":"https:\/\/www.fst.uha.fr\/index.php\/formations\/masters\/master-miage\/#primaryimage"},"thumbnailUrl":"https:\/\/www.fst.uha.fr\/wp-content\/uploads\/2018\/04\/MMIAGE-.png","datePublished":"2018-04-25T14:10:39+00:00","dateModified":"2025-01-08T07:51:15+00:00","description":"La MIAGE est une formation d\u2019excellence d\u00e9livrant un dipl\u00f4me de licence et un dipl\u00f4me de master au sein d\u2019un r\u00e9seau de 20 universit\u00e9s fran\u00e7aises.","breadcrumb":{"@id":"https:\/\/www.fst.uha.fr\/index.php\/formations\/masters\/master-miage\/#breadcrumb"},"inLanguage":"fr-FR","potentialAction":[{"@type":"ReadAction","target":["https:\/\/www.fst.uha.fr\/index.php\/formations\/masters\/master-miage\/"]}]},{"@type":"ImageObject","inLanguage":"fr-FR","@id":"https:\/\/www.fst.uha.fr\/index.php\/formations\/masters\/master-miage\/#primaryimage","url":"https:\/\/www.fst.uha.fr\/wp-content\/uploads\/2018\/04\/MMIAGE-.png","contentUrl":"https:\/\/www.fst.uha.fr\/wp-content\/uploads\/2018\/04\/MMIAGE-.png","width":1920,"height":501},{"@type":"BreadcrumbList","@id":"https:\/\/www.fst.uha.fr\/index.php\/formations\/masters\/master-miage\/#breadcrumb","itemListElement":[{"@type":"ListItem","position":1,"name":"Accueil","item":"https:\/\/www.fst.uha.fr\/"},{"@type":"ListItem","position":2,"name":"Nos formations","item":"https:\/\/www.fst.uha.fr\/index.php\/formations\/"},{"@type":"ListItem","position":3,"name":"Masters","item":"https:\/\/www.fst.uha.fr\/index.php\/formations\/masters\/"},{"@type":"ListItem","position":4,"name":"Master MIAGE"}]},{"@type":"WebSite","@id":"https:\/\/www.fst.uha.fr\/#website","url":"https:\/\/www.fst.uha.fr\/","name":"FST - Facult\u00e9 des Sciences et Techniques | Universit\u00e9 de Haute-Alsace","description":"Campus Illberg | Universit\u00e9 de Haute-Alsace","potentialAction":[{"@type":"SearchAction","target":{"@type":"EntryPoint","urlTemplate":"https:\/\/www.fst.uha.fr\/?s={search_term_string}"},"query-input":{"@type":"PropertyValueSpecification","valueRequired":true,"valueName":"search_term_string"}}],"inLanguage":"fr-FR"}]}},"_links":{"self":[{"href":"https:\/\/www.fst.uha.fr\/index.php\/wp-json\/wp\/v2\/pages\/189","targetHints":{"allow":["GET"]}}],"collection":[{"href":"https:\/\/www.fst.uha.fr\/index.php\/wp-json\/wp\/v2\/pages"}],"about":[{"href":"https:\/\/www.fst.uha.fr\/index.php\/wp-json\/wp\/v2\/types\/page"}],"author":[{"embeddable":true,"href":"https:\/\/www.fst.uha.fr\/index.php\/wp-json\/wp\/v2\/users\/1"}],"replies":[{"embeddable":true,"href":"https:\/\/www.fst.uha.fr\/index.php\/wp-json\/wp\/v2\/comments?post=189"}],"version-history":[{"count":29,"href":"https:\/\/www.fst.uha.fr\/index.php\/wp-json\/wp\/v2\/pages\/189\/revisions"}],"predecessor-version":[{"id":4854,"href":"https:\/\/www.fst.uha.fr\/index.php\/wp-json\/wp\/v2\/pages\/189\/revisions\/4854"}],"up":[{"embeddable":true,"href":"https:\/\/www.fst.uha.fr\/index.php\/wp-json\/wp\/v2\/pages\/92"}],"wp:attachment":[{"href":"https:\/\/www.fst.uha.fr\/index.php\/wp-json\/wp\/v2\/media?parent=189"}],"wp:term":[{"taxonomy":"category","embeddable":true,"href":"https:\/\/www.fst.uha.fr\/index.php\/wp-json\/wp\/v2\/categories?post=189"},{"taxonomy":"post_tag","embeddable":true,"href":"https:\/\/www.fst.uha.fr\/index.php\/wp-json\/wp\/v2\/tags?post=189"}],"curies":[{"name":"wp","href":"https:\/\/api.w.org\/{rel}","templated":true}]}}