{"id":203,"date":"2018-04-25T16:13:00","date_gmt":"2018-04-25T14:13:00","guid":{"rendered":"https:\/\/www.fst.uha.fr\/?page_id=203"},"modified":"2025-01-17T11:41:28","modified_gmt":"2025-01-17T10:41:28","slug":"master-ingenierie-environnementale-et-energies-nouvelles","status":"publish","type":"page","link":"https:\/\/www.fst.uha.fr\/index.php\/formations\/masters\/master-ingenierie-environnementale-et-energies-nouvelles\/","title":{"rendered":"Master Ing\u00e9nierie environnementale et \u00c9nergies Nouvelles"},"content":{"rendered":"<p><a href=\"https:\/\/www.fst.uha.fr\/index.php\/formations\/#masters\">Masters<\/a> &gt; <strong>Master Ing\u00e9nierie environnementale et \u00c9nergies Nouvelles<br \/>\n<\/strong><\/p>\n<p><img loading=\"lazy\" decoding=\"async\" class=\"alignnone size-full wp-image-536\" src=\"https:\/\/www.fst.uha.fr\/wp-content\/uploads\/2018\/04\/MRE.png\" alt=\"\" width=\"1920\" height=\"501\" srcset=\"https:\/\/www.fst.uha.fr\/wp-content\/uploads\/2018\/04\/MRE.png 1920w, https:\/\/www.fst.uha.fr\/wp-content\/uploads\/2018\/04\/MRE-300x78.png 300w, https:\/\/www.fst.uha.fr\/wp-content\/uploads\/2018\/04\/MRE-768x200.png 768w, https:\/\/www.fst.uha.fr\/wp-content\/uploads\/2018\/04\/MRE-1024x267.png 1024w\" sizes=\"auto, (max-width: 1920px) 100vw, 1920px\" \/><\/p>\n<div class=\"su-row\"><div class=\"su-column su-column-size-3-4\"><div class=\"su-column-inner su-u-clearfix su-u-trim\">\n<h4><strong>Pr\u00e9sentation<\/strong><\/h4>\n<p>Depuis les ann\u00e9es 1970, au fil des catastrophes industrielles et pollutions, les contraintes r\u00e9glementaires et les normes se sont d\u00e9velopp\u00e9es pour limiter les risques et impacts environnementaux g\u00e9n\u00e9r\u00e9s par les activit\u00e9s anthropiques.<br \/>\nL\u2019identification et l\u2019analyse des risques, des impacts environnementaux et des besoins en \u00e9nergie sont aujourd\u2019hui des domaines essentiels \u00e0 prendre \u00e0 compte dans l\u2019entreprise avec leurs aspects techniques, r\u00e9glementaires, sociaux et \u00e9conomiques. Ces activit\u00e9s rel\u00e8vent des services Hygi\u00e8ne, S\u00e9curit\u00e9, Environnement (HSE), de bureaux d\u2019\u00e9tudes ou industries sp\u00e9cialis\u00e9s.<br \/>\nLe parcours \u201cIng\u00e9nierie Environnementale et Energies Nouvelles\u201d (IEEN) du master \u201cRisques et Environnement\u201d est une formation pluridisciplinaire qui offre un large spectre d\u2019insertion professionnelle dans diff\u00e9rents secteurs priv\u00e9s ou publics relevant des domaines de la surveillance, l\u2019ing\u00e9nierie et l\u2019expertise.<\/p>\n<h4><strong>Objectifs<\/strong><\/h4>\n<p>Le parcours IEEN du master \u00ab Risques et Environnement \u00bb a pour objectif de former des cadres sp\u00e9cialis\u00e9s dans les domaines de l\u2019analyse et la gestion des pollutions, des d\u00e9chets et des besoins en \u00e9nergie afin de r\u00e9pondre aux besoins environnementaux et \u00e9nerg\u00e9tiques sp\u00e9cifiques des entreprises et collectivit\u00e9s en conformit\u00e9 avec les r\u00e9glementations en vigueur.<\/p>\n<div class=\"su-accordion su-u-trim\">\n<div class=\"su-spoiler su-spoiler-style-fancy su-spoiler-icon-plus-circle su-spoiler-closed\" data-scroll-offset=\"0\" data-anchor-in-url=\"no\"><div class=\"su-spoiler-title\" tabindex=\"0\" role=\"button\"><span class=\"su-spoiler-icon\"><\/span>Admission<\/div><div class=\"su-spoiler-content su-u-clearfix su-u-trim\">\n<div class=\"su-spoiler-content su-clearfix\">\n<p><strong>Admission au niveau M1 :<\/strong><\/p>\n<ul>\n<li>Etre titulaire d\u2019une licence mention Chimie, Physique-chimie, Sciences et Technologies, Sciences de la vie et de la Terre, Sciences pour l\u2019ing\u00e9nieur, ou d\u2019un dipl\u00f4me \u00e9quivalent<\/li>\n<li>D\u00e9montrer une motivation pour l\u2019une des insertions professionnelles vis\u00e9es par la formation<\/li>\n<\/ul>\n<p>Les candidatures en 1\u00e8re Ann\u00e9e de Master se font uniquement par dossier \u00e9lectronique sur la plateforme\u00a0 <a href=\"https:\/\/www.monmaster.gouv.fr\/?gclid=Cj0KCQjwla-hBhD7ARIsAM9tQKvUP-5j0sMl9gVXubV259nmlnkI-FnrJQtqbJALfINLIC-TKUi-gkEaArihEALw_wcB\" target=\"_blank\" rel=\"noopener\">mon Master<\/a>.<\/p>\n<p><strong>Admission en M2 : <\/strong><\/p>\n<p>Les candidatures en 2\u00e8me Ann\u00e9e de Master se font uniquement par dossier \u00e9lectronique sur la plateforme <a href=\"https:\/\/ecandidat.uha.fr\">ecandidat.uha.fr<\/a>.<\/p>\n<\/div>\n<\/div><\/div>\n<div class=\"su-spoiler su-spoiler-style-fancy su-spoiler-icon-plus-circle su-spoiler-closed\" data-scroll-offset=\"0\" data-anchor-in-url=\"no\"><div class=\"su-spoiler-title\" tabindex=\"0\" role=\"button\"><span class=\"su-spoiler-icon\"><\/span>Insertion professionnelle<\/div><div class=\"su-spoiler-content su-u-clearfix su-u-trim\">\nLes dipl\u00f4m\u00e9s du parcours IEEN peuvent pr\u00e9tendre \u00e0 des emplois de responsable HSE, charg\u00e9 de d\u2019affaires\/missions, responsable d\u00e9veloppement\/environnement au sein de :<br \/>\n\u2022 bureaux d\u2019\u00e9tudes, ing\u00e9nierie ou conseil en environnement ou \u00e9nergie<br \/>\n\u2022 entreprises poss\u00e9dant un service HSE<br \/>\n\u2022 industries sp\u00e9cialis\u00e9es dans la gestion et le traitement de l\u2019air\/eau\/sol<br \/>\n\u2022 collectivit\u00e9s territoriales<br \/>\n\u2022 organismes publics de contr\u00f4le et surveillance de l\u2019environnement et de l\u2019\u00e9nergie<\/p>\n<p>Le d\u00e9tail est disponible sur <a href=\"https:\/\/www.master-risques-environnement.fr\/parcours-risques-technologiques-securite\/\" target=\"_blank\" rel=\"noopener noreferrer\">le site du Master Risques et Environnement<\/a><br \/>\n<\/div><\/div>\n<div class=\"su-spoiler su-spoiler-style-fancy su-spoiler-icon-plus-circle su-spoiler-closed\" data-scroll-offset=\"0\" data-anchor-in-url=\"no\"><div class=\"su-spoiler-title\" tabindex=\"0\" role=\"button\"><span class=\"su-spoiler-icon\"><\/span>Modalit\u00e9 d'enseignements<\/div><div class=\"su-spoiler-content su-u-clearfix su-u-trim\">\nLe master est une formation pluridisciplinaire \u00e0 forte dimension professionnelle.<br \/>\nLes parcours IEEN est ouvert en formation initiale \u00e0 temps plein, en formation initiale par apprentissage ou en formation continue. La formation par alternance est possible sur l\u2019ensemble du cursus ou uniquement en deuxi\u00e8me ann\u00e9e. Le face \u00e0 face p\u00e9dagogique est commun pour les diff\u00e9rents types de formation propos\u00e9s (initiale temps plein, initiale par apprentissage ou continue).<br \/>\nFormation initiale<br \/>\nLes \u00e9tudiants inscrits en formation initiale acqui\u00e8rent des savoir-faire et d\u00e9veloppent une exp\u00e9rience professionnelle par la r\u00e9alisation de deux stages : de 8 \u00e0 16 semaines en 1\u00e8re ann\u00e9e et d\u2019une dur\u00e9e de 6 mois en 2\u00e8me ann\u00e9e. Les stages peuvent \u00eatre r\u00e9alis\u00e9s \u00e0 l\u2019\u00e9tranger. Les stages sont r\u00e9alis\u00e9s dans une entreprise, une collectivit\u00e9, un organisme public ou un laboratoire de recherche.<br \/>\nFormation par alternance (initiale par apprentissage ou continue)<br \/>\nLes \u00e9tudiants alternent entre des p\u00e9riodes d&rsquo;acquisition de savoir-faire en entreprise et des p\u00e9riodes de formation (principalement orient\u00e9es sur l\u2019acquisition de savoirs). Les taux de pr\u00e9sence des \u00e9tudiants dans le centre de formation (UHA) et dans l\u2019entreprise d\u2019accueil varient de fa\u00e7on progressive au cours des semestres. Ainsi en premi\u00e8re ann\u00e9e les \u00e9tudiants sont pr\u00e9sents \u00e0 50% (au semestre 1) et 33% (au semestre 2) de leur temps au centre de formation. En deuxi\u00e8me ann\u00e9e, ce temps de pr\u00e9sence \u00e0 l\u2019UHA est de 46% au semestre 3. Le semestre 4 est totalement r\u00e9serv\u00e9 \u00e0 l\u2019immersion en entreprise.<br \/>\nLa r\u00e9alisation, en 2\u00e8me ann\u00e9e, d\u2019un double dipl\u00f4me, nomm\u00e9 \u00ab double comp\u00e9tence int\u00e9gr\u00e9e en management de projets\u00bb, en partenariat avec la Facult\u00e9 de Sciences Economiques, Sociales et Juridiques (FSESJ) de l\u2019UHA, est propos\u00e9. Ce double dipl\u00f4me permet le d\u00e9veloppement de comp\u00e9tences professionnelles compl\u00e9mentaires \u00e0 celles d\u00e9livr\u00e9es par le Master \u00ab Risques et Environnement \u00bb. Cette double comp\u00e9tence implique un face \u00e0 face p\u00e9dagogique de 4 mois suppl\u00e9mentaires.<\/p>\n<\/div><\/div>\n<div class=\"su-spoiler su-spoiler-style-fancy su-spoiler-icon-plus-circle su-spoiler-closed\" data-scroll-offset=\"0\" data-anchor-in-url=\"no\"><div class=\"su-spoiler-title\" tabindex=\"0\" role=\"button\"><span class=\"su-spoiler-icon\"><\/span>Programme<\/div><div class=\"su-spoiler-content su-u-clearfix su-u-trim\">Les enseignements dispens\u00e9s dans les parcours IEEN sont r\u00e9partis entre UE fondamentales, transversales et \u00e0 ouverture professionnelle, avec un d\u00e9veloppement progressif des comp\u00e9tences au cours de la formation.<br \/>\nLes enseignements dispens\u00e9s en 1\u00e8re ann\u00e9e permettent d\u2019acqu\u00e9rir des connaissances scientifiques fondamentales ainsi que des connaissances et savoir-faire g\u00e9n\u00e9raux dans les domaines compl\u00e9mentaires que sont les risques, la s\u00e9curit\u00e9, l&rsquo;environnement et les besoins en \u00e9nergies. Un enseignement de champs disciplinaires compl\u00e9mentaires (droit, langues, management de projets) compl\u00e8te la formation.<br \/>\nEn 2\u00e8me ann\u00e9e, les enseignements sont orient\u00e9s, d\u2019une part, vers la connaissance des diff\u00e9rentes sources de pollution, les modes de migration des polluants, leurs impacts environnementaux et les diff\u00e9rentes techniques de traitement envisageables. D\u2019autre part, la probl\u00e9matique des besoins en \u00e9nergie est abord\u00e9e et une sp\u00e9cialisation des \u00e9tudiants \u00e0 la gestion technique et administrative de projets utilisant les \u00e9nergies renouvelables est donn\u00e9e ainsi que la probl\u00e9matique des r\u00e9glementations thermiques du b\u00e2timent. Les enseignements dispens\u00e9s sur la valorisation \u00e9nerg\u00e9tique et mati\u00e8re des d\u00e9chets permettent l\u2019\u00e9tablissement d\u2019un lien entre les aspects \u00e9nerg\u00e9tiques et environnementaux.<\/p>\n<p><a href=\"https:\/\/www.master-risques-environnement.fr\/programme\/\" target=\"_blank\" rel=\"noopener noreferrer\">D\u00e9couvrez les d\u00e9tails du programme<\/a><\/p>\n<\/div><\/div>\n<div class=\"su-spoiler su-spoiler-style-fancy su-spoiler-icon-plus-circle su-spoiler-closed\" data-scroll-offset=\"0\" data-anchor-in-url=\"no\"><div class=\"su-spoiler-title\" tabindex=\"0\" role=\"button\"><span class=\"su-spoiler-icon\"><\/span>Stage ou Apprentissage<\/div><div class=\"su-spoiler-content su-u-clearfix su-u-trim\">\n<p><strong>Formation initiale <\/strong><br \/>\nStage de 8 \u00e0 16 semaines en 1\u00e8re ann\u00e9e et d\u2019une dur\u00e9e de 6 mois en 2\u00e8me ann\u00e9e.\u00a0 Les stages sont r\u00e9alis\u00e9s dans une entreprise, une collectivit\u00e9, un organisme public ou un laboratoire de recherche.<br \/>\n<strong>Formation par alternance<\/strong><br \/>\nLes parcours IEEN est ouvert en formation initiale par apprentissage ou en formation continue.<\/p>\n<\/div><\/div>\n<div class=\"su-spoiler su-spoiler-style-fancy su-spoiler-icon-plus-circle su-spoiler-closed\" data-scroll-offset=\"0\" data-anchor-in-url=\"no\"><div class=\"su-spoiler-title\" tabindex=\"0\" role=\"button\"><span class=\"su-spoiler-icon\"><\/span>Ouverture \u00e0 l'international<\/div><div class=\"su-spoiler-content su-u-clearfix su-u-trim\">Les stages peuvent \u00eatre r\u00e9alis\u00e9s \u00e0 l\u2019\u00e9tranger.<\/p>\n<p><a href=\"https:\/\/www.fst.uha.fr\/index.php\/international\/\" target=\"_blank\" rel=\"noopener noreferrer\">Voir la rubrique Relations internationales<\/a><\/p>\n<\/div><\/div>\n<div class=\"su-spoiler su-spoiler-style-fancy su-spoiler-icon-plus-circle su-spoiler-closed\" data-scroll-offset=\"0\" data-anchor-in-url=\"no\"><div class=\"su-spoiler-title\" tabindex=\"0\" role=\"button\"><span class=\"su-spoiler-icon\"><\/span>Les plus de la formation<\/div><div class=\"su-spoiler-content su-u-clearfix su-u-trim\">\u2022 Formation transdisciplinaire, majoritairement scientifique et technique, mais \u00e9galement avec un d\u00e9veloppement particulier des aspects juridiques, communication et management.<br \/>\n\u2022 Formation bien int\u00e9gr\u00e9e dans les r\u00e9seaux professionnels et reconnue dans le tissu \u00e9conomique r\u00e9gional<br \/>\n\u2022 Intervention de nombreux professionnels (30%).<br \/>\n\u2022 Possibilit\u00e9 d\u2019effectuer le master par apprentissage d\u00e8s la 1\u00e8re ann\u00e9e.<br \/>\n\u2022 Cursus en double comp\u00e9tence possible pour la 2\u00e8me ann\u00e9e conduisant \u00e0 l\u2019obtention de deux dipl\u00f4mes : Master \u201cRisques et Environnement\u201d et Master \u201cEntrepreneuriat et Management de projets\u201d.<\/p>\n<p>15 \u00e9tudiants maximum par promotion pour un suivi personnalis\u00e9 de chaque \u00e9tudiant par un tuteur enseignant.<\/p>\n<\/div><\/div>\n<\/div>\n<\/div><\/div>\n<div class=\"su-column su-column-size-1-4\"><div class=\"su-column-inner su-u-clearfix su-u-trim\">\n<h4><strong>Responsable<\/strong><\/h4>\n<div>Guillaume GERANDI<\/div>\n<div><a href=\"mailto:guillaume.gerandi@uha.fr\" target=\"_blank\" rel=\"noopener\">guillaume.gerandi@uha.fr<\/a><\/div>\n<div><div class=\"su-divider su-divider-style-default\" style=\"margin:15px 0;border-width:3px;border-color:#999999\"><\/div><\/div>\n<div><\/div>\n<h4><strong>Scolarit\u00e9<\/strong><\/h4>\n<div>Evelyne BUYLE<\/div>\n<div><a href=\"mailto:Evelyne.buyle@uha.fr\">Evelyne.buyle@uha.fr<\/a><\/div>\n<div>T\u00e9l. : 03 89 33 61 55<\/div>\n<div class=\"su-divider su-divider-style-default\" style=\"margin:15px 0;border-width:3px;border-color:#999999\"><\/div>\n<h4><strong>En savoir plus<br \/>\n<\/strong><\/h4>\n<ul>\n<li><a href=\"https:\/\/www.fst.uha.fr\/wp-content\/uploads\/2025\/01\/Plaquette-risques-IEEN.pdf\" target=\"_blank\" rel=\"noopener noreferrer\">Plaquette du master Ing\u00e9nierie environnementale et \u00c9nergies Nouvelles<\/a><\/li>\n<li><a href=\"https:\/\/www.fst.uha.fr\/wp-content\/uploads\/2018\/06\/Programme-d%C3%A9taill%C3%A9-master-RE-IEEN-.pdf\" target=\"_blank\" rel=\"noopener noreferrer\">Programme du master Ing\u00e9nierie environnementale et Energie<\/a><\/li>\n<li><a href=\"https:\/\/www.master-risques-environnement.fr\" target=\"_blank\" rel=\"noopener noreferrer\">Site internet<\/a><\/li>\n<li><a href=\"https:\/\/www.francecompetences.fr\/recherche\/rncp\/39265\/\" target=\"_blank\" rel=\"noopener\">Certification RNCP \u2013 France comp\u00e9tences<\/a><\/li>\n<\/ul>\n<span class=\"su-lightbox\" data-mfp-src=\"https:\/\/www.youtube-nocookie.com\/embed\/VUNLpfFSv4k\" data-mfp-type=\"iframe\" data-mobile=\"yes\">\n<p><img loading=\"lazy\" decoding=\"async\" class=\"aligncenter wp-image-2846 size-large\" src=\"https:\/\/www.fst.uha.fr\/wp-content\/uploads\/2021\/03\/master-risque-environnement-1024x539.jpg\" alt=\"Master Risques et environnement\" width=\"750\" height=\"395\" srcset=\"https:\/\/www.fst.uha.fr\/wp-content\/uploads\/2021\/03\/master-risque-environnement-1024x539.jpg 1024w, https:\/\/www.fst.uha.fr\/wp-content\/uploads\/2021\/03\/master-risque-environnement-300x158.jpg 300w, https:\/\/www.fst.uha.fr\/wp-content\/uploads\/2021\/03\/master-risque-environnement-768x404.jpg 768w, https:\/\/www.fst.uha.fr\/wp-content\/uploads\/2021\/03\/master-risque-environnement.jpg 1278w\" sizes=\"auto, (max-width: 750px) 100vw, 750px\" \/><\/p>\n<\/span>\n<p>Enqu\u00eate sur le devenir des dipl\u00f4m\u00e9s 2018 :<\/p>\n<ul>\n<li><a href=\"https:\/\/www.fst.uha.fr\/wp-content\/uploads\/2023\/01\/Master-Ingenierie-environnementale-et-energies-nouvelles-2018.pdf\" target=\"_blank\" rel=\"noopener\">Ing\u00e9nierie Environnementale et \u00c9nergies Nouvelles<\/a><\/li>\n<\/ul>\n<p>&nbsp;<\/p>\n<\/div><\/div><\/div>\n","protected":false},"excerpt":{"rendered":"<p>Masters &gt; Master Ing\u00e9nierie environnementale et \u00c9nergies Nouvelles<\/p>\n","protected":false},"author":1,"featured_media":0,"parent":92,"menu_order":0,"comment_status":"closed","ping_status":"closed","template":"","meta":{"footnotes":""},"categories":[],"tags":[],"class_list":["post-203","page","type-page","status-publish","hentry"],"yoast_head":"<!-- This site is optimized with the Yoast SEO plugin v27.0 - https:\/\/yoast.com\/product\/yoast-seo-wordpress\/ -->\n<title>Master Ing\u00e9nierie environnementale et \u00c9nergies Nouvelles - FST<\/title>\n<meta name=\"description\" content=\"Le master \u201cRisques et Environnement\u201d offre un spectre d\u2019insertion professionnelle relevant des domaines de la surveillance,de l\u2019ing\u00e9nierie et de l\u2019expertise\" \/>\n<meta name=\"robots\" content=\"index, follow, max-snippet:-1, max-image-preview:large, max-video-preview:-1\" \/>\n<link rel=\"canonical\" href=\"https:\/\/www.fst.uha.fr\/index.php\/formations\/masters\/master-ingenierie-environnementale-et-energies-nouvelles\/\" \/>\n<meta property=\"og:locale\" content=\"fr_FR\" \/>\n<meta property=\"og:type\" content=\"article\" \/>\n<meta property=\"og:title\" content=\"Master Ing\u00e9nierie environnementale et \u00c9nergies Nouvelles - FST\" \/>\n<meta property=\"og:description\" content=\"Le master \u201cRisques et Environnement\u201d offre un spectre d\u2019insertion professionnelle relevant des domaines de la surveillance,de l\u2019ing\u00e9nierie et de l\u2019expertise\" \/>\n<meta property=\"og:url\" content=\"https:\/\/www.fst.uha.fr\/index.php\/formations\/masters\/master-ingenierie-environnementale-et-energies-nouvelles\/\" \/>\n<meta property=\"og:site_name\" content=\"FST - Facult\u00e9 des Sciences et Techniques | Universit\u00e9 de Haute-Alsace\" \/>\n<meta property=\"article:modified_time\" content=\"2025-01-17T10:41:28+00:00\" \/>\n<meta property=\"og:image\" content=\"https:\/\/www.fst.uha.fr\/wp-content\/uploads\/2018\/04\/MRE.png\" \/>\n\t<meta property=\"og:image:width\" content=\"1920\" \/>\n\t<meta property=\"og:image:height\" content=\"501\" \/>\n\t<meta property=\"og:image:type\" content=\"image\/png\" \/>\n<meta name=\"twitter:card\" content=\"summary_large_image\" \/>\n<meta name=\"twitter:label1\" content=\"Dur\u00e9e de lecture estim\u00e9e\" \/>\n\t<meta name=\"twitter:data1\" content=\"6 minutes\" \/>\n<script type=\"application\/ld+json\" class=\"yoast-schema-graph\">{\"@context\":\"https:\/\/schema.org\",\"@graph\":[{\"@type\":\"WebPage\",\"@id\":\"https:\/\/www.fst.uha.fr\/index.php\/formations\/masters\/master-ingenierie-environnementale-et-energies-nouvelles\/\",\"url\":\"https:\/\/www.fst.uha.fr\/index.php\/formations\/masters\/master-ingenierie-environnementale-et-energies-nouvelles\/\",\"name\":\"Master Ing\u00e9nierie environnementale et \u00c9nergies Nouvelles - FST\",\"isPartOf\":{\"@id\":\"https:\/\/www.fst.uha.fr\/#website\"},\"primaryImageOfPage\":{\"@id\":\"https:\/\/www.fst.uha.fr\/index.php\/formations\/masters\/master-ingenierie-environnementale-et-energies-nouvelles\/#primaryimage\"},\"image\":{\"@id\":\"https:\/\/www.fst.uha.fr\/index.php\/formations\/masters\/master-ingenierie-environnementale-et-energies-nouvelles\/#primaryimage\"},\"thumbnailUrl\":\"https:\/\/www.fst.uha.fr\/wp-content\/uploads\/2018\/04\/MRE.png\",\"datePublished\":\"2018-04-25T14:13:00+00:00\",\"dateModified\":\"2025-01-17T10:41:28+00:00\",\"description\":\"Le master \u201cRisques et Environnement\u201d offre un spectre d\u2019insertion professionnelle relevant des domaines de la surveillance,de l\u2019ing\u00e9nierie et de l\u2019expertise\",\"breadcrumb\":{\"@id\":\"https:\/\/www.fst.uha.fr\/index.php\/formations\/masters\/master-ingenierie-environnementale-et-energies-nouvelles\/#breadcrumb\"},\"inLanguage\":\"fr-FR\",\"potentialAction\":[{\"@type\":\"ReadAction\",\"target\":[\"https:\/\/www.fst.uha.fr\/index.php\/formations\/masters\/master-ingenierie-environnementale-et-energies-nouvelles\/\"]}]},{\"@type\":\"ImageObject\",\"inLanguage\":\"fr-FR\",\"@id\":\"https:\/\/www.fst.uha.fr\/index.php\/formations\/masters\/master-ingenierie-environnementale-et-energies-nouvelles\/#primaryimage\",\"url\":\"https:\/\/www.fst.uha.fr\/wp-content\/uploads\/2018\/04\/MRE.png\",\"contentUrl\":\"https:\/\/www.fst.uha.fr\/wp-content\/uploads\/2018\/04\/MRE.png\",\"width\":1920,\"height\":501},{\"@type\":\"BreadcrumbList\",\"@id\":\"https:\/\/www.fst.uha.fr\/index.php\/formations\/masters\/master-ingenierie-environnementale-et-energies-nouvelles\/#breadcrumb\",\"itemListElement\":[{\"@type\":\"ListItem\",\"position\":1,\"name\":\"Accueil\",\"item\":\"https:\/\/www.fst.uha.fr\/\"},{\"@type\":\"ListItem\",\"position\":2,\"name\":\"Nos formations\",\"item\":\"https:\/\/www.fst.uha.fr\/index.php\/formations\/\"},{\"@type\":\"ListItem\",\"position\":3,\"name\":\"Masters\",\"item\":\"https:\/\/www.fst.uha.fr\/index.php\/formations\/masters\/\"},{\"@type\":\"ListItem\",\"position\":4,\"name\":\"Master Ing\u00e9nierie environnementale et \u00c9nergies Nouvelles\"}]},{\"@type\":\"WebSite\",\"@id\":\"https:\/\/www.fst.uha.fr\/#website\",\"url\":\"https:\/\/www.fst.uha.fr\/\",\"name\":\"FST - Facult\u00e9 des Sciences et Techniques | Universit\u00e9 de Haute-Alsace\",\"description\":\"Campus Illberg | Universit\u00e9 de Haute-Alsace\",\"potentialAction\":[{\"@type\":\"SearchAction\",\"target\":{\"@type\":\"EntryPoint\",\"urlTemplate\":\"https:\/\/www.fst.uha.fr\/?s={search_term_string}\"},\"query-input\":{\"@type\":\"PropertyValueSpecification\",\"valueRequired\":true,\"valueName\":\"search_term_string\"}}],\"inLanguage\":\"fr-FR\"}]}<\/script>\n<!-- \/ Yoast SEO plugin. -->","yoast_head_json":{"title":"Master Ing\u00e9nierie environnementale et \u00c9nergies Nouvelles - FST","description":"Le master \u201cRisques et Environnement\u201d offre un spectre d\u2019insertion professionnelle relevant des domaines de la surveillance,de l\u2019ing\u00e9nierie et de l\u2019expertise","robots":{"index":"index","follow":"follow","max-snippet":"max-snippet:-1","max-image-preview":"max-image-preview:large","max-video-preview":"max-video-preview:-1"},"canonical":"https:\/\/www.fst.uha.fr\/index.php\/formations\/masters\/master-ingenierie-environnementale-et-energies-nouvelles\/","og_locale":"fr_FR","og_type":"article","og_title":"Master Ing\u00e9nierie environnementale et \u00c9nergies Nouvelles - FST","og_description":"Le master \u201cRisques et Environnement\u201d offre un spectre d\u2019insertion professionnelle relevant des domaines de la surveillance,de l\u2019ing\u00e9nierie et de l\u2019expertise","og_url":"https:\/\/www.fst.uha.fr\/index.php\/formations\/masters\/master-ingenierie-environnementale-et-energies-nouvelles\/","og_site_name":"FST - Facult\u00e9 des Sciences et Techniques | Universit\u00e9 de Haute-Alsace","article_modified_time":"2025-01-17T10:41:28+00:00","og_image":[{"width":1920,"height":501,"url":"https:\/\/www.fst.uha.fr\/wp-content\/uploads\/2018\/04\/MRE.png","type":"image\/png"}],"twitter_card":"summary_large_image","twitter_misc":{"Dur\u00e9e de lecture estim\u00e9e":"6 minutes"},"schema":{"@context":"https:\/\/schema.org","@graph":[{"@type":"WebPage","@id":"https:\/\/www.fst.uha.fr\/index.php\/formations\/masters\/master-ingenierie-environnementale-et-energies-nouvelles\/","url":"https:\/\/www.fst.uha.fr\/index.php\/formations\/masters\/master-ingenierie-environnementale-et-energies-nouvelles\/","name":"Master Ing\u00e9nierie environnementale et \u00c9nergies Nouvelles - FST","isPartOf":{"@id":"https:\/\/www.fst.uha.fr\/#website"},"primaryImageOfPage":{"@id":"https:\/\/www.fst.uha.fr\/index.php\/formations\/masters\/master-ingenierie-environnementale-et-energies-nouvelles\/#primaryimage"},"image":{"@id":"https:\/\/www.fst.uha.fr\/index.php\/formations\/masters\/master-ingenierie-environnementale-et-energies-nouvelles\/#primaryimage"},"thumbnailUrl":"https:\/\/www.fst.uha.fr\/wp-content\/uploads\/2018\/04\/MRE.png","datePublished":"2018-04-25T14:13:00+00:00","dateModified":"2025-01-17T10:41:28+00:00","description":"Le master \u201cRisques et Environnement\u201d offre un spectre d\u2019insertion professionnelle relevant des domaines de la surveillance,de l\u2019ing\u00e9nierie et de l\u2019expertise","breadcrumb":{"@id":"https:\/\/www.fst.uha.fr\/index.php\/formations\/masters\/master-ingenierie-environnementale-et-energies-nouvelles\/#breadcrumb"},"inLanguage":"fr-FR","potentialAction":[{"@type":"ReadAction","target":["https:\/\/www.fst.uha.fr\/index.php\/formations\/masters\/master-ingenierie-environnementale-et-energies-nouvelles\/"]}]},{"@type":"ImageObject","inLanguage":"fr-FR","@id":"https:\/\/www.fst.uha.fr\/index.php\/formations\/masters\/master-ingenierie-environnementale-et-energies-nouvelles\/#primaryimage","url":"https:\/\/www.fst.uha.fr\/wp-content\/uploads\/2018\/04\/MRE.png","contentUrl":"https:\/\/www.fst.uha.fr\/wp-content\/uploads\/2018\/04\/MRE.png","width":1920,"height":501},{"@type":"BreadcrumbList","@id":"https:\/\/www.fst.uha.fr\/index.php\/formations\/masters\/master-ingenierie-environnementale-et-energies-nouvelles\/#breadcrumb","itemListElement":[{"@type":"ListItem","position":1,"name":"Accueil","item":"https:\/\/www.fst.uha.fr\/"},{"@type":"ListItem","position":2,"name":"Nos formations","item":"https:\/\/www.fst.uha.fr\/index.php\/formations\/"},{"@type":"ListItem","position":3,"name":"Masters","item":"https:\/\/www.fst.uha.fr\/index.php\/formations\/masters\/"},{"@type":"ListItem","position":4,"name":"Master Ing\u00e9nierie environnementale et \u00c9nergies Nouvelles"}]},{"@type":"WebSite","@id":"https:\/\/www.fst.uha.fr\/#website","url":"https:\/\/www.fst.uha.fr\/","name":"FST - Facult\u00e9 des Sciences et Techniques | Universit\u00e9 de Haute-Alsace","description":"Campus Illberg | Universit\u00e9 de Haute-Alsace","potentialAction":[{"@type":"SearchAction","target":{"@type":"EntryPoint","urlTemplate":"https:\/\/www.fst.uha.fr\/?s={search_term_string}"},"query-input":{"@type":"PropertyValueSpecification","valueRequired":true,"valueName":"search_term_string"}}],"inLanguage":"fr-FR"}]}},"_links":{"self":[{"href":"https:\/\/www.fst.uha.fr\/index.php\/wp-json\/wp\/v2\/pages\/203","targetHints":{"allow":["GET"]}}],"collection":[{"href":"https:\/\/www.fst.uha.fr\/index.php\/wp-json\/wp\/v2\/pages"}],"about":[{"href":"https:\/\/www.fst.uha.fr\/index.php\/wp-json\/wp\/v2\/types\/page"}],"author":[{"embeddable":true,"href":"https:\/\/www.fst.uha.fr\/index.php\/wp-json\/wp\/v2\/users\/1"}],"replies":[{"embeddable":true,"href":"https:\/\/www.fst.uha.fr\/index.php\/wp-json\/wp\/v2\/comments?post=203"}],"version-history":[{"count":32,"href":"https:\/\/www.fst.uha.fr\/index.php\/wp-json\/wp\/v2\/pages\/203\/revisions"}],"predecessor-version":[{"id":4903,"href":"https:\/\/www.fst.uha.fr\/index.php\/wp-json\/wp\/v2\/pages\/203\/revisions\/4903"}],"up":[{"embeddable":true,"href":"https:\/\/www.fst.uha.fr\/index.php\/wp-json\/wp\/v2\/pages\/92"}],"wp:attachment":[{"href":"https:\/\/www.fst.uha.fr\/index.php\/wp-json\/wp\/v2\/media?parent=203"}],"wp:term":[{"taxonomy":"category","embeddable":true,"href":"https:\/\/www.fst.uha.fr\/index.php\/wp-json\/wp\/v2\/categories?post=203"},{"taxonomy":"post_tag","embeddable":true,"href":"https:\/\/www.fst.uha.fr\/index.php\/wp-json\/wp\/v2\/tags?post=203"}],"curies":[{"name":"wp","href":"https:\/\/api.w.org\/{rel}","templated":true}]}}