{"id":2829,"date":"2021-03-15T18:04:11","date_gmt":"2021-03-15T17:04:11","guid":{"rendered":"https:\/\/www.fst.uha.fr\/?page_id=2829"},"modified":"2021-03-30T10:23:11","modified_gmt":"2021-03-30T08:23:11","slug":"protection-des-donnees","status":"publish","type":"page","link":"https:\/\/www.fst.uha.fr\/index.php\/protection-des-donnees\/","title":{"rendered":"Protection des donn\u00e9es"},"content":{"rendered":"<p>Dans le cadre de ses activit\u00e9s et pour assurer son bon fonctionnement, la FST est amen\u00e9e \u00e0 recueillir et \u00e0 traiter des donn\u00e9es \u00e0 caract\u00e8re personnel relatives aux \u00e9tudiants, aux personnels et \u00e0 toute personne avec laquelle elle est en relation (partenaires, prestataires, lecteurs des biblioth\u00e8ques\u2026).<\/p>\n<p>Ainsi, la Facult\u00e9 des Sciences et Techniques est susceptible de recueillir vos donn\u00e9es personnelles notamment lorsque :<\/p>\n<div class=\"su-list\" style=\"margin-left:4px\">\n<ul>\n<li><i class=\"sui sui-caret-right\" style=\"color:#333\"><\/i> vous naviguez sur le site web www.fst.uha.fr,<\/li>\n<li><i class=\"sui sui-caret-right\" style=\"color:#333\"><\/i> vous remplissez un formulaire sur notre site,<\/li>\n<li><i class=\"sui sui-caret-right\" style=\"color:#333\"><\/i> ou vous nous contactez par exemple.<\/li>\n<\/ul>\n<\/div>\n<p>Ces donn\u00e9es sont utilis\u00e9es pour r\u00e9pondre \u00e0 vos demandes, vous informer des actualit\u00e9s de la FST ou traiter les formulaires que vous avez remplis.<\/p>\n<p>Le <a href=\"https:\/\/www.cnil.fr\/fr\/reglement-europeen-protection-donnees\" target=\"_blank\" rel=\"noopener\">R\u00e8glement g\u00e9n\u00e9ral sur la protection des donn\u00e9es (RGPD)<\/a>, adopt\u00e9 en 2016 et mis en application depuis le 25 mai 2018 dans chaque pays membre de l\u2019Union europ\u00e9enne, vient renforcer la<a href=\"https:\/\/www.cnil.fr\/fr\/la-loi-informatique-et-libertes\" target=\"_blank\" rel=\"noopener\"> loi fran\u00e7aise Informatique et libert\u00e9s du 6 janvier 1978 modifi\u00e9e<\/a>.<\/p>\n<p>La FST fait partie de l&rsquo;Universit\u00e9 de Haute-Alsace qui a d\u00e9sign\u00e9 un d\u00e9l\u00e9gu\u00e9 \u00e0 la protection des donn\u00e9es (DPD ou DPO). Il est charg\u00e9 d\u2019accompagner les personnels et les \u00e9tudiants de l\u2019UHA dans le cadre de la mise en conformit\u00e9 \u00e0 la r\u00e9glementation en mati\u00e8re de protection des donn\u00e9es \u00e0 caract\u00e8re personnel : traitement et libre circulation de ces donn\u00e9es.<\/p>\n<p>&nbsp;<\/p>\n<h2>R\u00e9colte de donn\u00e9es<\/h2>\n<p>Les personnels et les \u00e9tudiants de l\u2019Universit\u00e9 de Haute-Alsace amen\u00e9s \u00e0 collecter des donn\u00e9es \u00e0 caract\u00e8re personnel sont charg\u00e9s de mettre en \u0153uvre, d\u00e8s la conception d\u2019un projet de traitement de donn\u00e9es personnelles, le respect de la r\u00e9glementation applicable. Pour cela, ils doivent d\u00e9montrer la conformit\u00e9 des traitements au regard de la loi fran\u00e7aise et du r\u00e8glement europ\u00e9en.<\/p>\n<p>Le d\u00e9l\u00e9gu\u00e9 \u00e0 la protection des donn\u00e9es est sollicit\u00e9 par toutes ces personnes et ils \u00e9tablissent ensemble une fiche d\u00e9clarative pour initier la d\u00e9marche de conformit\u00e9. Ces traitements sont consign\u00e9s dans le registre des traitements de l\u2019Universit\u00e9 dont le Pr\u00e9sident est responsable. Celui-ci a pour objectif de recenser les traitements mis en place aussi bien dans le cadre de la gestion administrative que de la recherche et de la formation.<\/p>\n<p>Les donn\u00e9es recueillies se limitent au strict n\u00e9cessaire et sont exclusivement trait\u00e9es dans le cadre des finalit\u00e9s pr\u00e9cis\u00e9es lors de leur r\u00e9colte (dans les formulaires, les services en ligne, etc.). L\u2019UHA garantit la s\u00e9curit\u00e9, l\u2019int\u00e9grit\u00e9 et la confidentialit\u00e9 des donn\u00e9es collect\u00e9es. Elles ne sont conserv\u00e9es que pour la dur\u00e9e n\u00e9cessaire \u00e0 leur traitement et ne sont ni c\u00e9d\u00e9es, ni transmises \u00e0 des tiers, ni utilis\u00e9es \u00e0 des fins non pr\u00e9vues. L\u2019Universit\u00e9 de Haute-Alsace ne commercialise aucun fichier de contact.<\/p>\n<p>Les informations recueillies (coordonn\u00e9es, adresse \u00e9lectronique) dans le cadre des formulaires et listes de diffusion (formulaires de contact notamment) sur ce site ne sont utilis\u00e9es que pour l\u2019envoi d\u2019informations sp\u00e9cifiques auxquelles vous avez souscrit volontairement. Vous pouvez \u00e0 tout moment exercer vos droits.<\/p>\n<p>&nbsp;<\/p>\n<h2>Exercice de ses droits<\/h2>\n<p>Vous disposez d\u2019un droit d\u2019information, d\u2019acc\u00e8s, de modification, de rectification et d\u2019effacement pour les donn\u00e9es vous concernant ainsi qu\u2019un droit \u00e0 la limitation du traitement, \u00e0 la portabilit\u00e9 des donn\u00e9es, un droit d\u2019opposition et le droit de retirer votre consentement pour les traitements \u00e0 venir.<\/p>\n<a href=\"https:\/\/www.cnil.fr\/fr\/reglement-europeen-protection-donnees\/chapitre3\" class=\"su-button su-button-style-flat\" style=\"color:#FFFFFF;background-color:#004996;border-color:#003b78;border-radius:0px\" target=\"_self\"><span style=\"color:#FFFFFF;padding:6px 18px;font-size:14px;line-height:21px;border-color:#4d80b6;border-radius:0px;text-shadow:none\"><i class=\"sui sui-link\" style=\"font-size:14px;color:#FFFFFF\"><\/i> En savoir plus sur les droits<\/span><\/a>\n<p>Les personnes dont les donn\u00e9es sont trait\u00e9es par l\u2019Universit\u00e9, en particulier les \u00e9tudiants, les personnels (BIATSS et enseignants-chercheurs) ou encore les vacataires, peuvent exercer leurs droits aupr\u00e8s des contacts fournis dans les mentions d\u2019information au moment de la collecte de leurs donn\u00e9es, ou aupr\u00e8s du d\u00e9l\u00e9gu\u00e9 \u00e0 la protection des donn\u00e9es. La demande d\u2019exercice des droits pr\u00e9cisera le motif de la demande et les coordonn\u00e9es du demandeur.<\/p>\n<p>D\u00e9l\u00e9gu\u00e9 \u00e0 la Protection des Donn\u00e9es : Mathieu Abboud<br \/>\nCourriel : <a href=\"mailto:dpd@uha.fr\">dpd@uha.fr<\/a> | <a href=\"mailto:mathieu.abboud@uha.fr\">mathieu.abboud@uha.fr<\/a><br \/>\nAdresse postale : Maison de l\u2019Universit\u00e9 (Campus Illberg)<br \/>\n2 rue des Fr\u00e8res Lumi\u00e8re, Mulhouse<\/p>\n<p>FST<br \/>\nCourriel : <a href=\"mailto:fst@uha.fr\">fst@uha.fr<\/a><br \/>\nAdresse postale : FST (Campus Illberg)<br \/>\n18 rue des Fr\u00e8res Lumi\u00e8re, Mulhouse<\/p>\n<p>Si vous estimez, apr\u00e8s nous avoir contact\u00e9, que vos droits ne sont pas respect\u00e9s ou que le dispositif mis en place par l\u2019UHA n\u2019est pas conforme aux r\u00e8gles de protection des donn\u00e9es, vous pouvez introduire une r\u00e9clamation aupr\u00e8s de la Commission Nationale de l\u2019Informatique et des Libert\u00e9s (<a href=\"https:\/\/www.cnil.fr\/\" target=\"_blank\" rel=\"noopener\">CNIL<\/a>) en ligne ou par voie postale.<\/p>\n<p>&nbsp;<\/p>\n<h2>Utilisation des cookies<\/h2>\n<p>Un cookie est un fichier texte d\u00e9pos\u00e9 sur votre ordinateur\/tablette\/mobile lors de votre visite sur un site web. Il permet \u00e0 ce site de m\u00e9moriser vos actions et pr\u00e9f\u00e9rences (nom d\u2019utilisateur, langue, taille des caract\u00e8res et autres param\u00e8tres d\u2019affichage) pendant un temps donn\u00e9, pour que vous n\u2019ayez pas \u00e0 indiquer \u00e0 nouveau ces informations \u00e0 chaque fois que vous consultez ce site ou naviguez d\u2019une page \u00e0 une autre. Il a \u00e9galement pour objectif de collecter des informations relatives \u00e0 votre navigation et de proposer des services adapt\u00e9s \u00e0 votre appareil (ordinateur, tablette, mobile).<\/p>\n<p>Ces cookies sont g\u00e9r\u00e9s par le logiciel de navigation (Mozilla Firefox, Google Chrome, Safari, Internet Explorer, pour ne citer que les plus connus\u2026). Ils ne risquent en aucun cas d\u2019endommager votre appareil.<\/p>\n<p>Aucun cookie n&rsquo;est d\u00e9pos\u00e9 sur votre navigateur par le site www.fst.uha.fr. Les vid\u00e9os YouTube sont notamment int\u00e9gr\u00e9es via des <em>iframe<\/em> afin d&rsquo;\u00e9viter tout d\u00e9p\u00f4t de cookie.<\/p>\n<p>Toutefois, quelle que soit l\u2019origine des cookies, vous pouvez vous opposer \u00e0 leur utilisation et \u00e0 leur enregistrement sans que cela ait une quelconque influence sur votre visite de notre site. Pour cela, nous vous invitons \u00e0 param\u00e9trer votre logiciel de navigation en ce sens :<\/p>\n<div class=\"su-list\" style=\"margin-left:4px\">\n<ul>\n<li><i class=\"sui sui-caret-right\" style=\"color:#333\"><\/i> Google Chrome : <a href=\"https:\/\/support.google.com\/chrome\/answer\/95647?hl=fr&amp;hlrm=en\" target=\"_blank\" rel=\"noopener\">https:\/\/support.google.com\/chrome\/answer\/95647?hl=fr&amp;hlrm=en<\/a><\/li>\n<li><i class=\"sui sui-caret-right\" style=\"color:#333\"><\/i> Mozilla Firefox : <a href=\"https:\/\/support.mozilla.org\/fr\/kb\/cookies-informations-sites-enregistrent\" target=\"_blank\" rel=\"noopener\">https:\/\/support.mozilla.org\/fr\/kb\/cookies-informations-sites-enregistrent<\/a><\/li>\n<li><i class=\"sui sui-caret-right\" style=\"color:#333\"><\/i> Microsoft Internet Explorer : <a href=\"https:\/\/support.microsoft.com\/fr-fr\/help\/17442\/windows-internet-explorer-delete-manage-cookies\" target=\"_blank\" rel=\"noopener\">https:\/\/support.microsoft.com\/fr-fr\/help\/17442\/windows-internet-explorer-delete-manage-cookies<\/a><\/li>\n<li><i class=\"sui sui-caret-right\" style=\"color:#333\"><\/i> Safari : <a href=\"https:\/\/support.apple.com\/fr-fr\/guide\/safari\/sfri11471\/mac\" target=\"_blank\" rel=\"noopener\">https:\/\/support.apple.com\/fr-fr\/guide\/safari\/sfri11471\/mac<\/a><\/li>\n<li><i class=\"sui sui-caret-right\" style=\"color:#333\"><\/i> Op\u00e9ra : <a href=\"http:\/\/help.opera.com\/Windows\/10.20\/fr\/cookies.html\" target=\"_blank\" rel=\"noopener\">http:\/\/help.opera.com\/Windows\/10.20\/fr\/cookies.html<\/a><\/li>\n<\/ul>\n<\/div>\n<p><a href=\"https:\/\/www.cnil.fr\/fr\/cookies-les-outils-pour-les-maitriser\" target=\"_blank\" rel=\"noopener\">En savoir plus<\/a><\/p>\n<p>Vous constaterez que vous pouvez g\u00e9rer ces cookies au plus pr\u00e8s de vos attentes, en tenant compte de leurs finalit\u00e9s. Vous pouvez accepter ou refuser les cookies au cas par cas ou syst\u00e9matiquement. Vous pouvez aussi param\u00e9trer des alertes pour vous signaler les cookies d\u00e9pos\u00e9s sur votre appareil et les accepter ou les refuser.<\/p>\n<p>&nbsp;<\/p>\n<h2>Contact<\/h2>\n<p>Par toutes ces mesures, l\u2019Universit\u00e9 de Haute-Alsace s\u2019engage ainsi \u00e0 :<\/p>\n<div class=\"su-list\" style=\"margin-left:4px\"><\/div>\n<ul>\n<li>respecter la <a href=\"https:\/\/www.cnil.fr\/fr\/la-loi-informatique-et-libertes\" target=\"_blank\" rel=\"noopener\">loi Informatique et libert\u00e9s du 6 janvier 1978 modifi\u00e9e<\/a>,<\/li>\n<li>respecter le <a href=\"https:\/\/www.cnil.fr\/fr\/reglement-europeen-protection-donnees\" target=\"_blank\" rel=\"noopener\">R\u00e8glement g\u00e9n\u00e9ral sur la protection des donn\u00e9es<\/a> mis en place depuis le 25 mai 2018,<\/li>\n<li>mettre en \u0153uvre des mesures appropri\u00e9es de s\u00e9curisation et de protection de la confidentialit\u00e9 des donn\u00e9es.<\/li>\n<\/ul>\n<p>Pour toute information ou exercice de vos droits sur les traitements de donn\u00e9es personnelles g\u00e9r\u00e9s par le site et les services de l\u2019Universit\u00e9 de Haute-Alsace, vous pouvez contacter le d\u00e9l\u00e9gu\u00e9 \u00e0 la protection des donn\u00e9es par courriel ou par courrier \u00e0 :<\/p>\n<p>D\u00e9l\u00e9gu\u00e9 \u00e0 la Protection des Donn\u00e9es : Mathieu Abboud<br \/>\nCourriel : <a href=\"mailto:dpd@uha.fr\">dpd@uha.fr<\/a> | <a href=\"mailto:mathieu.abboud@uha.fr\">mathieu.abboud@uha.fr<\/a><br \/>\nAdresse postale : Maison de l\u2019Universit\u00e9 (Campus Illberg)<br \/>\n2 rue des Fr\u00e8res Lumi\u00e8re, Mulhouse<\/p>\n<p>FST<br \/>\nCourriel : <a href=\"mailto:fst@uha.fr\">fst@uha.fr<\/a><br \/>\nAdresse postale : FST (Campus Illberg)<br \/>\n18 rue des Fr\u00e8res Lumi\u00e8re, Mulhouse<\/p>\n","protected":false},"excerpt":{"rendered":"<p>Dans le cadre de ses activit\u00e9s et pour assurer son bon fonctionnement, la FST est amen\u00e9e \u00e0 recueillir et \u00e0 traiter des donn\u00e9es \u00e0 caract\u00e8re personnel relatives aux \u00e9tudiants, aux personnels et \u00e0 toute personne avec laquelle elle est en relation (partenaires, prestataires, lecteurs des biblioth\u00e8ques\u2026). Ainsi, la Facult\u00e9 des Sciences et Techniques est susceptible [&hellip;]<\/p>\n","protected":false},"author":1,"featured_media":0,"parent":0,"menu_order":0,"comment_status":"closed","ping_status":"closed","template":"","meta":{"footnotes":""},"categories":[],"tags":[],"class_list":["post-2829","page","type-page","status-publish","hentry"],"yoast_head":"<!-- This site is optimized with the Yoast SEO plugin v27.0 - https:\/\/yoast.com\/product\/yoast-seo-wordpress\/ -->\n<title>Protection des donn\u00e9es - FST - Facult\u00e9 des Sciences et Techniques | Universit\u00e9 de Haute-Alsace<\/title>\n<meta name=\"robots\" content=\"index, follow, max-snippet:-1, max-image-preview:large, max-video-preview:-1\" \/>\n<link rel=\"canonical\" href=\"https:\/\/www.fst.uha.fr\/index.php\/protection-des-donnees\/\" \/>\n<meta property=\"og:locale\" content=\"fr_FR\" \/>\n<meta property=\"og:type\" content=\"article\" \/>\n<meta property=\"og:title\" content=\"Protection des donn\u00e9es - FST - Facult\u00e9 des Sciences et Techniques | Universit\u00e9 de Haute-Alsace\" \/>\n<meta property=\"og:description\" content=\"Dans le cadre de ses activit\u00e9s et pour assurer son bon fonctionnement, la FST est amen\u00e9e \u00e0 recueillir et \u00e0 traiter des donn\u00e9es \u00e0 caract\u00e8re personnel relatives aux \u00e9tudiants, aux personnels et \u00e0 toute personne avec laquelle elle est en relation (partenaires, prestataires, lecteurs des biblioth\u00e8ques\u2026). Ainsi, la Facult\u00e9 des Sciences et Techniques est susceptible [&hellip;]\" \/>\n<meta property=\"og:url\" content=\"https:\/\/www.fst.uha.fr\/index.php\/protection-des-donnees\/\" \/>\n<meta property=\"og:site_name\" content=\"FST - Facult\u00e9 des Sciences et Techniques | Universit\u00e9 de Haute-Alsace\" \/>\n<meta property=\"article:modified_time\" content=\"2021-03-30T08:23:11+00:00\" \/>\n<meta name=\"twitter:card\" content=\"summary_large_image\" \/>\n<meta name=\"twitter:label1\" content=\"Dur\u00e9e de lecture estim\u00e9e\" \/>\n\t<meta name=\"twitter:data1\" content=\"5 minutes\" \/>\n<script type=\"application\/ld+json\" class=\"yoast-schema-graph\">{\"@context\":\"https:\/\/schema.org\",\"@graph\":[{\"@type\":\"WebPage\",\"@id\":\"https:\/\/www.fst.uha.fr\/index.php\/protection-des-donnees\/\",\"url\":\"https:\/\/www.fst.uha.fr\/index.php\/protection-des-donnees\/\",\"name\":\"Protection des donn\u00e9es - FST - Facult\u00e9 des Sciences et Techniques | Universit\u00e9 de Haute-Alsace\",\"isPartOf\":{\"@id\":\"https:\/\/www.fst.uha.fr\/#website\"},\"datePublished\":\"2021-03-15T17:04:11+00:00\",\"dateModified\":\"2021-03-30T08:23:11+00:00\",\"breadcrumb\":{\"@id\":\"https:\/\/www.fst.uha.fr\/index.php\/protection-des-donnees\/#breadcrumb\"},\"inLanguage\":\"fr-FR\",\"potentialAction\":[{\"@type\":\"ReadAction\",\"target\":[\"https:\/\/www.fst.uha.fr\/index.php\/protection-des-donnees\/\"]}]},{\"@type\":\"BreadcrumbList\",\"@id\":\"https:\/\/www.fst.uha.fr\/index.php\/protection-des-donnees\/#breadcrumb\",\"itemListElement\":[{\"@type\":\"ListItem\",\"position\":1,\"name\":\"Accueil\",\"item\":\"https:\/\/www.fst.uha.fr\/\"},{\"@type\":\"ListItem\",\"position\":2,\"name\":\"Protection des donn\u00e9es\"}]},{\"@type\":\"WebSite\",\"@id\":\"https:\/\/www.fst.uha.fr\/#website\",\"url\":\"https:\/\/www.fst.uha.fr\/\",\"name\":\"FST - Facult\u00e9 des Sciences et Techniques | Universit\u00e9 de Haute-Alsace\",\"description\":\"Campus Illberg | Universit\u00e9 de Haute-Alsace\",\"potentialAction\":[{\"@type\":\"SearchAction\",\"target\":{\"@type\":\"EntryPoint\",\"urlTemplate\":\"https:\/\/www.fst.uha.fr\/?s={search_term_string}\"},\"query-input\":{\"@type\":\"PropertyValueSpecification\",\"valueRequired\":true,\"valueName\":\"search_term_string\"}}],\"inLanguage\":\"fr-FR\"}]}<\/script>\n<!-- \/ Yoast SEO plugin. -->","yoast_head_json":{"title":"Protection des donn\u00e9es - FST - Facult\u00e9 des Sciences et Techniques | Universit\u00e9 de Haute-Alsace","robots":{"index":"index","follow":"follow","max-snippet":"max-snippet:-1","max-image-preview":"max-image-preview:large","max-video-preview":"max-video-preview:-1"},"canonical":"https:\/\/www.fst.uha.fr\/index.php\/protection-des-donnees\/","og_locale":"fr_FR","og_type":"article","og_title":"Protection des donn\u00e9es - FST - Facult\u00e9 des Sciences et Techniques | Universit\u00e9 de Haute-Alsace","og_description":"Dans le cadre de ses activit\u00e9s et pour assurer son bon fonctionnement, la FST est amen\u00e9e \u00e0 recueillir et \u00e0 traiter des donn\u00e9es \u00e0 caract\u00e8re personnel relatives aux \u00e9tudiants, aux personnels et \u00e0 toute personne avec laquelle elle est en relation (partenaires, prestataires, lecteurs des biblioth\u00e8ques\u2026). Ainsi, la Facult\u00e9 des Sciences et Techniques est susceptible [&hellip;]","og_url":"https:\/\/www.fst.uha.fr\/index.php\/protection-des-donnees\/","og_site_name":"FST - Facult\u00e9 des Sciences et Techniques | Universit\u00e9 de Haute-Alsace","article_modified_time":"2021-03-30T08:23:11+00:00","twitter_card":"summary_large_image","twitter_misc":{"Dur\u00e9e de lecture estim\u00e9e":"5 minutes"},"schema":{"@context":"https:\/\/schema.org","@graph":[{"@type":"WebPage","@id":"https:\/\/www.fst.uha.fr\/index.php\/protection-des-donnees\/","url":"https:\/\/www.fst.uha.fr\/index.php\/protection-des-donnees\/","name":"Protection des donn\u00e9es - FST - Facult\u00e9 des Sciences et Techniques | Universit\u00e9 de Haute-Alsace","isPartOf":{"@id":"https:\/\/www.fst.uha.fr\/#website"},"datePublished":"2021-03-15T17:04:11+00:00","dateModified":"2021-03-30T08:23:11+00:00","breadcrumb":{"@id":"https:\/\/www.fst.uha.fr\/index.php\/protection-des-donnees\/#breadcrumb"},"inLanguage":"fr-FR","potentialAction":[{"@type":"ReadAction","target":["https:\/\/www.fst.uha.fr\/index.php\/protection-des-donnees\/"]}]},{"@type":"BreadcrumbList","@id":"https:\/\/www.fst.uha.fr\/index.php\/protection-des-donnees\/#breadcrumb","itemListElement":[{"@type":"ListItem","position":1,"name":"Accueil","item":"https:\/\/www.fst.uha.fr\/"},{"@type":"ListItem","position":2,"name":"Protection des donn\u00e9es"}]},{"@type":"WebSite","@id":"https:\/\/www.fst.uha.fr\/#website","url":"https:\/\/www.fst.uha.fr\/","name":"FST - Facult\u00e9 des Sciences et Techniques | Universit\u00e9 de Haute-Alsace","description":"Campus Illberg | Universit\u00e9 de Haute-Alsace","potentialAction":[{"@type":"SearchAction","target":{"@type":"EntryPoint","urlTemplate":"https:\/\/www.fst.uha.fr\/?s={search_term_string}"},"query-input":{"@type":"PropertyValueSpecification","valueRequired":true,"valueName":"search_term_string"}}],"inLanguage":"fr-FR"}]}},"_links":{"self":[{"href":"https:\/\/www.fst.uha.fr\/index.php\/wp-json\/wp\/v2\/pages\/2829","targetHints":{"allow":["GET"]}}],"collection":[{"href":"https:\/\/www.fst.uha.fr\/index.php\/wp-json\/wp\/v2\/pages"}],"about":[{"href":"https:\/\/www.fst.uha.fr\/index.php\/wp-json\/wp\/v2\/types\/page"}],"author":[{"embeddable":true,"href":"https:\/\/www.fst.uha.fr\/index.php\/wp-json\/wp\/v2\/users\/1"}],"replies":[{"embeddable":true,"href":"https:\/\/www.fst.uha.fr\/index.php\/wp-json\/wp\/v2\/comments?post=2829"}],"version-history":[{"count":3,"href":"https:\/\/www.fst.uha.fr\/index.php\/wp-json\/wp\/v2\/pages\/2829\/revisions"}],"predecessor-version":[{"id":2852,"href":"https:\/\/www.fst.uha.fr\/index.php\/wp-json\/wp\/v2\/pages\/2829\/revisions\/2852"}],"wp:attachment":[{"href":"https:\/\/www.fst.uha.fr\/index.php\/wp-json\/wp\/v2\/media?parent=2829"}],"wp:term":[{"taxonomy":"category","embeddable":true,"href":"https:\/\/www.fst.uha.fr\/index.php\/wp-json\/wp\/v2\/categories?post=2829"},{"taxonomy":"post_tag","embeddable":true,"href":"https:\/\/www.fst.uha.fr\/index.php\/wp-json\/wp\/v2\/tags?post=2829"}],"curies":[{"name":"wp","href":"https:\/\/api.w.org\/{rel}","templated":true}]}}