{"id":4432,"date":"2024-03-04T10:26:05","date_gmt":"2024-03-04T09:26:05","guid":{"rendered":"https:\/\/www.fst.uha.fr\/?page_id=4432"},"modified":"2026-01-22T15:54:45","modified_gmt":"2026-01-22T14:54:45","slug":"4432-2","status":"publish","type":"page","link":"https:\/\/www.fst.uha.fr\/index.php\/4432-2\/","title":{"rendered":"Les d\u00e9marches sur Parcoursup"},"content":{"rendered":"\r\n<figure class=\"aligncenter is-resized\"><\/figure>\r\n<p><img loading=\"lazy\" decoding=\"async\" class=\"aligncenter  wp-image-12735\" src=\"https:\/\/www.flsh.uha.fr\/wp-content\/uploads\/2021\/11\/logo_parcoursup.png\" alt=\"\" width=\"804\" height=\"287\" \/><\/p>\r\n\r\n\r\n\r\n<h2 class=\"wp-block-heading\" style=\"text-align: center;\"><span style=\"font-size: 18pt;\"><strong>Tout ce qu\u2019il faut savoir pour pr\u00e9parer et r\u00e9ussir ton entr\u00e9e dans l\u2019enseignement sup\u00e9rieur<\/strong><\/span><\/h2>\r\n\r\n\r\n<hr class=\"wp-block-separator is-style-wide\" \/>\r\n\r\n\r\n\r\n<div class=\"su-spoiler su-spoiler-style-fancy su-spoiler-icon- su-spoiler-closed\" data-scroll-offset=\"0\" data-anchor-in-url=\"no\"><div class=\"su-spoiler-title\" tabindex=\"0\" role=\"button\"><span class=\"su-spoiler-icon\"><\/span><\/p>\n<h2><strong>\u00c9tape 1<\/strong> - Je m\u2019informe &amp; d\u00e9couvre les formations<\/h2>\n<p><\/div><div class=\"su-spoiler-content su-u-clearfix su-u-trim\">\n<h3 class=\"wp-block-heading\"><strong>D\u00c9BUT NOVEMBRE 2025 &gt; JANVIER 2026<\/strong><\/h3>\n<p>\u2022 Je pr\u00e9pare mon projet d\u2019orientation : je consulte le site <a href=\"http:\/\/avenirs.onisep.fr\">avenirs.onisep.fr<\/a> et <a href=\"https:\/\/www.parcoursup.fr\/index.php?desc=formations\"><span class=\"font-weight-bold\">parcoursup.fr<\/span><\/a><\/p>\n<p><strong>Si je suis lyc\u00e9en<\/strong>, j\u2019\u00e9change avec mon professeur principal et je participe \u00e0 la 1re semaine de l\u2019orientation dans mon lyc\u00e9e.<\/p>\n<p><strong>Si je suis \u00e9tudiant et que je souhaite me r\u00e9orienter<\/strong>, je me rapproche du service orientation de mon \u00e9tablissement qui peut m\u2019accompagner dans mon projet.<\/p>\n<p>\u2022 Je peux consulter sur <a href=\"https:\/\/www.parcoursup.gouv.fr\/\">Parcoursup.fr<\/a> les formations qui \u00e9taient propos\u00e9es l\u2019an dernier en 2021, en particulier leurs caract\u00e9ristiques et les comp\u00e9tences et connaissances attendues par chaque formation.<\/p>\n<div class=\"wp-block-spacer\" style=\"height: 29px;\" aria-hidden=\"true\">\u00a0<\/div>\n<h3 class=\"wp-block-heading\"><strong>D\u00c9BUT D\u00c9CEMBRE <\/strong><\/h3>\n<p><strong>Si je suis lyc\u00e9en, je renseigne ma fiche de dialogue : <\/strong> le 1er conseil de classe prend connaissance de mon projet d\u2019orientation et formule des recommandations.<\/p>\n<div class=\"wp-block-spacer\" style=\"height: 29px;\" aria-hidden=\"true\">\u00a0<\/div>\n<h3 class=\"wp-block-heading\"><strong>17 D\u00c9CEMBRE<\/strong><\/h3>\n<p>Ouverture du site d\u2019information de Parcoursup.fr :<\/p>\n<p>\u2022 Je m\u2019informe sur <strong>le fonctionnement de la proc\u00e9dure<\/strong>. \u2022 Je consulte <strong>le moteur de recherche des formations disponibles en 2026<\/strong>\u00a0(les enseignements propos\u00e9s, les attendus, les possibilit\u00e9s de poursuite d\u2019\u00e9tude et les d\u00e9bouch\u00e9s professionnels, les crit\u00e8res g\u00e9n\u00e9raux d\u2019examen des dossiers\u2026).<\/p>\n<div class=\"su-note\"  style=\"border-color:#e5ac08;border-radius:3px;-moz-border-radius:3px;-webkit-border-radius:3px;\"><div class=\"su-note-inner su-u-clearfix su-u-trim\" style=\"background-color:#FFC622;border-color:#ffffee;color:#333333;border-radius:3px;-moz-border-radius:3px;-webkit-border-radius:3px;\">Le moteur de recherche des formations : il permet d\u2019effectuer des recherches par mots cl\u00e9s ou par type de formation, de g\u00e9olocaliser les \u00e9tablissements et de consulter des suggestions de formations similaires \u00e0 celle recherch\u00e9e\u2026Plus de 213000 formations sont propos\u00e9es sur Parcoursup, y compris des formations en apprentissage. <\/div><\/div>\n<\/div><\/div>\n\r\n\r\n<div class=\"su-spoiler su-spoiler-style-fancy su-spoiler-icon- su-spoiler-closed\" data-scroll-offset=\"0\" data-anchor-in-url=\"no\"><div class=\"su-spoiler-title\" tabindex=\"0\" role=\"button\"><span class=\"su-spoiler-icon\"><\/span><\/p>\n<h2><strong>\u00c9tape 2<\/strong> - Je m\u2019inscris pour formuler mes v\u0153ux &amp; finalise mon dossier<\/h2>\n<p><\/div><div class=\"su-spoiler-content su-u-clearfix su-u-trim\">\n<h3 class=\"wp-block-heading\"><strong>TOUT AU LONG DU 2e TRIMESTRE <\/strong><\/h3>\n<p>\u2022 Je poursuis ma r\u00e9flexion et je participe<strong> aux journ\u00e9es portes ouvertes des \u00e9tablissements d\u2019enseignement sup\u00e9rieur et aux salons d\u2019orientation, pour \u00e9changer avec des enseignants et des \u00e9tudiants ambassadeurs.<\/strong><\/p>\n<p><strong>Si je suis lyc\u00e9en<\/strong>, je participe \u00e0 la 2e semaine de l\u2019orientation dans mon lyc\u00e9e. C\u2019est une opportunit\u00e9 de rencontres et d\u2019\u00e9changes pour affiner mon projet.<\/p>\n<div class=\"wp-block-spacer\" style=\"height: 29px;\" aria-hidden=\"true\">\u00a0<\/div>\n<h3 class=\"wp-block-heading\"><strong>DU 19 JANVIER AU 12 MARS 2026<\/strong><\/h3>\n<p>\u2022 <strong>Je m\u2019inscris sur Parcoursup<\/strong> pour cr\u00e9er mon dossier candidat. \u2022 <strong>Je formule mes v\u0153ux et j\u2019exprime ma motivation :<\/strong> jusqu\u2019\u00e0 10 v\u0153ux (avec possibilit\u00e9 de sous-v\u0153ux selon les formations). Je peux \u00e9galement formuler 10 v\u0153ux suppl\u00e9mentaires pour des formations en apprentissage. \u00a0<\/p>\n<h3><strong>JEUDI 12 MARS <\/strong><\/h3>\n<p><strong>Dernier jour pour formuler mes v\u0153ux.<\/strong><\/p>\n<div class=\"wp-block-spacer\" style=\"height: 29px;\" aria-hidden=\"true\">\u00a0<\/div>\n<h3 class=\"wp-block-heading\"><strong>F\u00c9VRIER-MARS<\/strong><\/h3>\n<p><em>Si je suis lyc\u00e9en, chaque v\u0153u que je formule fait l\u2019objet d\u2019une fiche Avenir comprenant les appr\u00e9ciations de mes professeurs et l\u2019avis du chef d\u2019\u00e9tablissement dans le cadre du 2e conseil de classe.<\/em><\/p>\n<div class=\"wp-block-spacer\" style=\"height: 29px;\" aria-hidden=\"true\">\u00a0<\/div>\n<h3 class=\"wp-block-heading\"><strong>MERCREDI 1er AVRIL (23h59 heure de Paris) <\/strong><\/h3>\n<p><strong>Dernier jour pour finaliser mon dossier<\/strong> avec les \u00e9l\u00e9ments demand\u00e9s par les formations <strong>et pour confirmer chacun de mes v\u0153ux.<\/strong><\/p>\n<div class=\"wp-block-spacer\" style=\"height: 29px;\" aria-hidden=\"true\">\u00a0<\/div>\n<h3 class=\"wp-block-heading\"><strong>AVRIL-MAI 2025<\/strong><\/h3>\n<p>Les formations que j\u2019ai demand\u00e9es examinent mon dossier \u00e0 partir des crit\u00e8res g\u00e9n\u00e9raux d\u2019examen des v\u0153ux qu\u2019elles ont indiqu\u00e9s dans leur fiche de pr\u00e9sentation Parcoursup. A partir du 1er juin, les \u00e9tablissement commenceront \u00e0 vous transmettre leurs premi\u00e8res r\u00e9ponses. Elles arriverons au fil de l&rsquo;eau.<\/p>\n<\/div><\/div>\n\r\n\r\n<div class=\"su-spoiler su-spoiler-style-fancy su-spoiler-icon- su-spoiler-closed\" data-scroll-offset=\"0\" data-anchor-in-url=\"no\"><div class=\"su-spoiler-title\" tabindex=\"0\" role=\"button\"><span class=\"su-spoiler-icon\"><\/span><\/p>\n<h2><strong>\u00c9tape 3<\/strong> - Je re\u00e7ois les r\u00e9ponses des formations &amp; je d\u00e9cide<\/h2>\n<p><\/div><div class=\"su-spoiler-content su-u-clearfix su-u-trim\">\n<h3 class=\"wp-block-heading\"><strong>DU 2 JUIN au 11 JUILLET 2026<\/strong><\/h3>\n<p><strong>Point d\u2019\u00e9tape :<\/strong> si j\u2019ai conserv\u00e9 des v\u0153ux pour lesquels je suis en liste d\u2019attente, je me connecte \u00e0 mon dossier pour indiquer ceux qui m\u2019int\u00e9ressent toujours.<\/p>\n<h3 aria-hidden=\"true\">\u00a0<\/h3>\n<h3 class=\"wp-block-spacer\" style=\"height: 29px;\" aria-hidden=\"true\"><strong>LUNDI 2 JUIN<\/strong><\/h3>\n<ul>\n<li>Je consulte dans mon dossier Parcoursup les r\u00e9ponses des formations que j\u2019ai demand\u00e9es.<\/li>\n<li>A partir du 2 juin, je re\u00e7ois les propositions d&rsquo;admission (r\u00e9ponse Oui ou Oui-si*) au fur et \u00e0 mesure et en continu.<\/li>\n<li>Je dois r\u00e9pondre obligatoirement \u00e0 chaque proposition d&rsquo;admission dans les d\u00e9lais indiqu\u00e9s dans mon dossier.<\/li>\n<\/ul>\n<p>&nbsp;<\/p>\n<h3><strong>JEUDI 11 JUIN<\/strong><\/h3>\n<p>La phase d&rsquo;admission compl\u00e9mentaire est ouverte.<\/p>\n<div aria-hidden=\"true\">\u00a0<\/div>\n<h3 class=\"wp-block-heading\"><strong>D\u00c9BUT JUILLET<\/strong><\/h3>\n<p><em>R\u00e9sultats du baccalaur\u00e9at.<\/em> Apr\u00e8s les r\u00e9sultats du baccalaur\u00e9at, <strong>si j\u2019ai d\u00e9finitivement accept\u00e9 une formation, j\u2019effectue mon inscription administrative<\/strong> aupr\u00e8s de l\u2019\u00e9tablissement que j\u2019ai choisi, selon les modalit\u00e9s pr\u00e9cis\u00e9es dans mon dossier. C&rsquo;est la derni\u00e8re \u00e9tape avant la rentr\u00e9e.<\/p>\n<div class=\"wp-block-spacer\" style=\"height: 29px;\" aria-hidden=\"true\">\u00a0<\/div>\n<h3 class=\"wp-block-heading\"><strong>SAMEDI 11 JUILLET<\/strong><\/h3>\n<p><strong>Fin de la phase principale. <\/strong> Dernier jour pour accepter une proposition d\u2019admission re\u00e7ue lors de cette phase.<\/p>\n<\/div><\/div>\n\r\n\r\n<hr class=\"wp-block-separator\" \/>\r\n\r\n<div class=\"su-spoiler su-spoiler-style-fancy su-spoiler-icon- su-spoiler-closed\" data-scroll-offset=\"0\" data-anchor-in-url=\"no\"><div class=\"su-spoiler-title\" tabindex=\"0\" role=\"button\"><span class=\"su-spoiler-icon\"><\/span><\/p>\n<h2>Les solutions si je n\u2019ai pas re\u00e7u de proposition d\u2019admission<\/h2>\n<p><\/div><div class=\"su-spoiler-content su-u-clearfix su-u-trim\">\n<h3 class=\"wp-block-heading\"><strong>D\u00c8S LE 3 JUIN 2026<\/strong><\/h3>\n<p>Si je n\u2019ai re\u00e7u que des r\u00e9ponses n\u00e9gatives de la part de formations s\u00e9lectives (BTS, DUT, classe pr\u00e9pa, IFSI, \u00e9coles\u2026), <strong>je peux demander un accompagnement individuel ou collectif dans mon lyc\u00e9e<\/strong> (aupr\u00e8s du service orientation de mon \u00e9tablissement, si je suis un \u00e9tudiant et que je souhaite me r\u00e9orienter) <strong>ou dans un CIO pour envisager d\u2019autres choix de formation et pr\u00e9parer la phase compl\u00e9mentaire. <\/strong><\/p>\n<div class=\"wp-block-spacer\" style=\"height: 29px;\" aria-hidden=\"true\">\u00a0<\/div>\n<h3 class=\"wp-block-heading\"><strong>A PARTIR DU 1er JUILLET<\/strong><\/h3>\n<p>Apr\u00e8s les r\u00e9sultats du baccalaur\u00e9at, j<strong>e peux solliciter depuis mon dossier un accompagnement personnalis\u00e9 de la commission d\u2019acc\u00e8s \u00e0 l\u2019enseignement sup\u00e9rieur (CAES) de mon acad\u00e9mie.<\/strong> Cette commission \u00e9tudie mon dossier et m\u2019aide \u00e0 trouver une formation au plus pr\u00e8s de mon projet et en fonction des places disponibles.<\/p>\n<div class=\"wp-block-spacer\" style=\"height: 29px;\" aria-hidden=\"true\">\u00a0<\/div>\n<h3 class=\"wp-block-heading\"><strong>DU 11 JUIN AU 10 SEPTEMBRE 2026<\/strong><\/h3>\n<p>Je peux participer \u00e0 <strong>la phase compl\u00e9mentaire et formuler jusqu\u2019\u00e0 10 nouveaux v\u0153ux dans les formations qui disposent de places disponibles.<\/strong> Ces formations seront accessibles depuis le moteur de recherche des formations Parcoursup.<\/p>\n<\/div><\/div>\n\r\n\r\n\r\n<p>&nbsp;<\/p>","protected":false},"excerpt":{"rendered":"<p>Tout ce qu\u2019il faut savoir pour pr\u00e9parer et r\u00e9ussir ton entr\u00e9e dans l\u2019enseignement sup\u00e9rieur<\/p>\n","protected":false},"author":14,"featured_media":4439,"parent":0,"menu_order":0,"comment_status":"closed","ping_status":"closed","template":"","meta":{"footnotes":""},"categories":[3,13,14,7,10],"tags":[],"class_list":["post-4432","page","type-page","status-publish","has-post-thumbnail","hentry","category-actualites","category-articles","category-etudiants","category-futurs-etudiants","category-parents"],"yoast_head":"<!-- This site is optimized with the Yoast SEO plugin v27.0 - https:\/\/yoast.com\/product\/yoast-seo-wordpress\/ -->\n<title>Les d\u00e9marches sur Parcoursup - FST - Facult\u00e9 des Sciences et Techniques | Universit\u00e9 de Haute-Alsace<\/title>\n<meta name=\"robots\" content=\"index, follow, max-snippet:-1, max-image-preview:large, max-video-preview:-1\" \/>\n<link rel=\"canonical\" href=\"https:\/\/www.fst.uha.fr\/index.php\/4432-2\/\" \/>\n<meta property=\"og:locale\" content=\"fr_FR\" \/>\n<meta property=\"og:type\" content=\"article\" \/>\n<meta property=\"og:title\" content=\"Les d\u00e9marches sur Parcoursup - FST - Facult\u00e9 des Sciences et Techniques | Universit\u00e9 de Haute-Alsace\" \/>\n<meta property=\"og:description\" content=\"Tout ce qu\u2019il faut savoir pour pr\u00e9parer et r\u00e9ussir ton entr\u00e9e dans l\u2019enseignement sup\u00e9rieur\" \/>\n<meta property=\"og:url\" content=\"https:\/\/www.fst.uha.fr\/index.php\/4432-2\/\" \/>\n<meta property=\"og:site_name\" content=\"FST - Facult\u00e9 des Sciences et Techniques | Universit\u00e9 de Haute-Alsace\" \/>\n<meta property=\"article:modified_time\" content=\"2026-01-22T14:54:45+00:00\" \/>\n<meta property=\"og:image\" content=\"https:\/\/www.fst.uha.fr\/wp-content\/uploads\/2024\/03\/Parcoursup-vignette-FST.jpg\" \/>\n\t<meta property=\"og:image:width\" content=\"350\" \/>\n\t<meta property=\"og:image:height\" content=\"350\" \/>\n\t<meta property=\"og:image:type\" content=\"image\/jpeg\" \/>\n<meta name=\"twitter:card\" content=\"summary_large_image\" \/>\n<meta name=\"twitter:label1\" content=\"Dur\u00e9e de lecture estim\u00e9e\" \/>\n\t<meta name=\"twitter:data1\" content=\"5 minutes\" \/>\n<script type=\"application\/ld+json\" class=\"yoast-schema-graph\">{\"@context\":\"https:\/\/schema.org\",\"@graph\":[{\"@type\":\"WebPage\",\"@id\":\"https:\/\/www.fst.uha.fr\/index.php\/4432-2\/\",\"url\":\"https:\/\/www.fst.uha.fr\/index.php\/4432-2\/\",\"name\":\"Les d\u00e9marches sur Parcoursup - FST - Facult\u00e9 des Sciences et Techniques | Universit\u00e9 de Haute-Alsace\",\"isPartOf\":{\"@id\":\"https:\/\/www.fst.uha.fr\/#website\"},\"primaryImageOfPage\":{\"@id\":\"https:\/\/www.fst.uha.fr\/index.php\/4432-2\/#primaryimage\"},\"image\":{\"@id\":\"https:\/\/www.fst.uha.fr\/index.php\/4432-2\/#primaryimage\"},\"thumbnailUrl\":\"https:\/\/www.fst.uha.fr\/wp-content\/uploads\/2024\/03\/Parcoursup-vignette-FST.jpg\",\"datePublished\":\"2024-03-04T09:26:05+00:00\",\"dateModified\":\"2026-01-22T14:54:45+00:00\",\"breadcrumb\":{\"@id\":\"https:\/\/www.fst.uha.fr\/index.php\/4432-2\/#breadcrumb\"},\"inLanguage\":\"fr-FR\",\"potentialAction\":[{\"@type\":\"ReadAction\",\"target\":[\"https:\/\/www.fst.uha.fr\/index.php\/4432-2\/\"]}]},{\"@type\":\"ImageObject\",\"inLanguage\":\"fr-FR\",\"@id\":\"https:\/\/www.fst.uha.fr\/index.php\/4432-2\/#primaryimage\",\"url\":\"https:\/\/www.fst.uha.fr\/wp-content\/uploads\/2024\/03\/Parcoursup-vignette-FST.jpg\",\"contentUrl\":\"https:\/\/www.fst.uha.fr\/wp-content\/uploads\/2024\/03\/Parcoursup-vignette-FST.jpg\",\"width\":350,\"height\":350,\"caption\":\"Parcoursup\"},{\"@type\":\"BreadcrumbList\",\"@id\":\"https:\/\/www.fst.uha.fr\/index.php\/4432-2\/#breadcrumb\",\"itemListElement\":[{\"@type\":\"ListItem\",\"position\":1,\"name\":\"Accueil\",\"item\":\"https:\/\/www.fst.uha.fr\/\"},{\"@type\":\"ListItem\",\"position\":2,\"name\":\"Les d\u00e9marches sur Parcoursup\"}]},{\"@type\":\"WebSite\",\"@id\":\"https:\/\/www.fst.uha.fr\/#website\",\"url\":\"https:\/\/www.fst.uha.fr\/\",\"name\":\"FST - Facult\u00e9 des Sciences et Techniques | Universit\u00e9 de Haute-Alsace\",\"description\":\"Campus Illberg | Universit\u00e9 de Haute-Alsace\",\"potentialAction\":[{\"@type\":\"SearchAction\",\"target\":{\"@type\":\"EntryPoint\",\"urlTemplate\":\"https:\/\/www.fst.uha.fr\/?s={search_term_string}\"},\"query-input\":{\"@type\":\"PropertyValueSpecification\",\"valueRequired\":true,\"valueName\":\"search_term_string\"}}],\"inLanguage\":\"fr-FR\"}]}<\/script>\n<!-- \/ Yoast SEO plugin. -->","yoast_head_json":{"title":"Les d\u00e9marches sur Parcoursup - FST - Facult\u00e9 des Sciences et Techniques | Universit\u00e9 de Haute-Alsace","robots":{"index":"index","follow":"follow","max-snippet":"max-snippet:-1","max-image-preview":"max-image-preview:large","max-video-preview":"max-video-preview:-1"},"canonical":"https:\/\/www.fst.uha.fr\/index.php\/4432-2\/","og_locale":"fr_FR","og_type":"article","og_title":"Les d\u00e9marches sur Parcoursup - FST - Facult\u00e9 des Sciences et Techniques | Universit\u00e9 de Haute-Alsace","og_description":"Tout ce qu\u2019il faut savoir pour pr\u00e9parer et r\u00e9ussir ton entr\u00e9e dans l\u2019enseignement sup\u00e9rieur","og_url":"https:\/\/www.fst.uha.fr\/index.php\/4432-2\/","og_site_name":"FST - Facult\u00e9 des Sciences et Techniques | Universit\u00e9 de Haute-Alsace","article_modified_time":"2026-01-22T14:54:45+00:00","og_image":[{"width":350,"height":350,"url":"https:\/\/www.fst.uha.fr\/wp-content\/uploads\/2024\/03\/Parcoursup-vignette-FST.jpg","type":"image\/jpeg"}],"twitter_card":"summary_large_image","twitter_misc":{"Dur\u00e9e de lecture estim\u00e9e":"5 minutes"},"schema":{"@context":"https:\/\/schema.org","@graph":[{"@type":"WebPage","@id":"https:\/\/www.fst.uha.fr\/index.php\/4432-2\/","url":"https:\/\/www.fst.uha.fr\/index.php\/4432-2\/","name":"Les d\u00e9marches sur Parcoursup - FST - Facult\u00e9 des Sciences et Techniques | Universit\u00e9 de Haute-Alsace","isPartOf":{"@id":"https:\/\/www.fst.uha.fr\/#website"},"primaryImageOfPage":{"@id":"https:\/\/www.fst.uha.fr\/index.php\/4432-2\/#primaryimage"},"image":{"@id":"https:\/\/www.fst.uha.fr\/index.php\/4432-2\/#primaryimage"},"thumbnailUrl":"https:\/\/www.fst.uha.fr\/wp-content\/uploads\/2024\/03\/Parcoursup-vignette-FST.jpg","datePublished":"2024-03-04T09:26:05+00:00","dateModified":"2026-01-22T14:54:45+00:00","breadcrumb":{"@id":"https:\/\/www.fst.uha.fr\/index.php\/4432-2\/#breadcrumb"},"inLanguage":"fr-FR","potentialAction":[{"@type":"ReadAction","target":["https:\/\/www.fst.uha.fr\/index.php\/4432-2\/"]}]},{"@type":"ImageObject","inLanguage":"fr-FR","@id":"https:\/\/www.fst.uha.fr\/index.php\/4432-2\/#primaryimage","url":"https:\/\/www.fst.uha.fr\/wp-content\/uploads\/2024\/03\/Parcoursup-vignette-FST.jpg","contentUrl":"https:\/\/www.fst.uha.fr\/wp-content\/uploads\/2024\/03\/Parcoursup-vignette-FST.jpg","width":350,"height":350,"caption":"Parcoursup"},{"@type":"BreadcrumbList","@id":"https:\/\/www.fst.uha.fr\/index.php\/4432-2\/#breadcrumb","itemListElement":[{"@type":"ListItem","position":1,"name":"Accueil","item":"https:\/\/www.fst.uha.fr\/"},{"@type":"ListItem","position":2,"name":"Les d\u00e9marches sur Parcoursup"}]},{"@type":"WebSite","@id":"https:\/\/www.fst.uha.fr\/#website","url":"https:\/\/www.fst.uha.fr\/","name":"FST - Facult\u00e9 des Sciences et Techniques | Universit\u00e9 de Haute-Alsace","description":"Campus Illberg | Universit\u00e9 de Haute-Alsace","potentialAction":[{"@type":"SearchAction","target":{"@type":"EntryPoint","urlTemplate":"https:\/\/www.fst.uha.fr\/?s={search_term_string}"},"query-input":{"@type":"PropertyValueSpecification","valueRequired":true,"valueName":"search_term_string"}}],"inLanguage":"fr-FR"}]}},"_links":{"self":[{"href":"https:\/\/www.fst.uha.fr\/index.php\/wp-json\/wp\/v2\/pages\/4432","targetHints":{"allow":["GET"]}}],"collection":[{"href":"https:\/\/www.fst.uha.fr\/index.php\/wp-json\/wp\/v2\/pages"}],"about":[{"href":"https:\/\/www.fst.uha.fr\/index.php\/wp-json\/wp\/v2\/types\/page"}],"author":[{"embeddable":true,"href":"https:\/\/www.fst.uha.fr\/index.php\/wp-json\/wp\/v2\/users\/14"}],"replies":[{"embeddable":true,"href":"https:\/\/www.fst.uha.fr\/index.php\/wp-json\/wp\/v2\/comments?post=4432"}],"version-history":[{"count":14,"href":"https:\/\/www.fst.uha.fr\/index.php\/wp-json\/wp\/v2\/pages\/4432\/revisions"}],"predecessor-version":[{"id":5382,"href":"https:\/\/www.fst.uha.fr\/index.php\/wp-json\/wp\/v2\/pages\/4432\/revisions\/5382"}],"wp:featuredmedia":[{"embeddable":true,"href":"https:\/\/www.fst.uha.fr\/index.php\/wp-json\/wp\/v2\/media\/4439"}],"wp:attachment":[{"href":"https:\/\/www.fst.uha.fr\/index.php\/wp-json\/wp\/v2\/media?parent=4432"}],"wp:term":[{"taxonomy":"category","embeddable":true,"href":"https:\/\/www.fst.uha.fr\/index.php\/wp-json\/wp\/v2\/categories?post=4432"},{"taxonomy":"post_tag","embeddable":true,"href":"https:\/\/www.fst.uha.fr\/index.php\/wp-json\/wp\/v2\/tags?post=4432"}],"curies":[{"name":"wp","href":"https:\/\/api.w.org\/{rel}","templated":true}]}}